{"id":767,"date":"2019-07-17T12:07:20","date_gmt":"2019-07-17T10:07:20","guid":{"rendered":"http:\/\/grupo.us.es\/derematerialia\/estructuras-cristalinas\/?page_id=767"},"modified":"2019-11-21T11:12:43","modified_gmt":"2019-11-21T10:12:43","slug":"comparativa","status":"publish","type":"page","link":"https:\/\/grupo.us.es\/derematerialia\/estructuras-cristalinas\/comparativa\/","title":{"rendered":"Comparativa"},"content":{"rendered":"\n<p style=\"text-align: justify;\">En la siguiente tabla se resumen las principales caracter\u00edsticas de las celdillas de la mayor\u00eda de los metales.<\/p>\n\n\n\n<p><img decoding=\"async\" src=\"http:\/\/grupo.us.es\/derematerialia\/estructuras-cristalinas\/wp-content\/uploads\/sites\/4\/2019\/11\/Comparativa.png\" alt=\"\" width=\"600\" \/><\/p>\n\n\n\n<p style=\"text-align: justify;\">Adem\u00e1s, a modo ilustrativo, se muestra una comparativa del tama\u00f1o de \u00e1tomo de la estructura (en el centro) y los \u00e1tomos de mayor tama\u00f1o que podr\u00edan alojarse en los respectivos intersticios para los diferentes tipos de celdillas.<\/p>\n<p style=\"text-align: justify;\">Dos son los aspectos a destacar en esta figura.<\/p>\n<p style=\"text-align: justify;\">&#8211; Para un determinado radio del \u00e1tomo anfitri\u00f3n, las estructuras que podr\u00edan albergar los \u00e1tomos mayores ser\u00edan las estructuras compactas (CCC y HC), aunque esto pueda parecer ins\u00f3lito.<\/p>\n<p style=\"text-align: justify;\">&#8211; En las estructuras CCC y HC los intersticios mayores son los octa\u00e9dricos, en tanto que para la CCI, los mayores son los tetra\u00e9dricos.<\/p>\n<p><img decoding=\"async\" src=\"http:\/\/grupo.us.es\/derematerialia\/estructuras-cristalinas\/wp-content\/uploads\/sites\/4\/2019\/05\/hc_clip_image010.jpg\" alt=\"\" width=\"600\" \/><\/p>\n","protected":false},"excerpt":{"rendered":"<p>En la siguiente tabla se resumen las principales caracter\u00edsticas de las celdillas de la mayor\u00eda de los metales. Adem\u00e1s, a modo ilustrativo, se muestra una comparativa del tama\u00f1o de \u00e1tomo de la estructura (en el centro) y los \u00e1tomos de mayor tama\u00f1o que podr\u00edan alojarse en los respectivos intersticios para los diferentes tipos de celdillas. [&hellip;]<\/p>\n","protected":false},"author":1,"featured_media":0,"parent":0,"menu_order":0,"comment_status":"closed","ping_status":"closed","template":"","meta":{"ngg_post_thumbnail":0,"footnotes":"","_mc_calendar":[]},"_links":{"self":[{"href":"https:\/\/grupo.us.es\/derematerialia\/estructuras-cristalinas\/wp-json\/wp\/v2\/pages\/767"}],"collection":[{"href":"https:\/\/grupo.us.es\/derematerialia\/estructuras-cristalinas\/wp-json\/wp\/v2\/pages"}],"about":[{"href":"https:\/\/grupo.us.es\/derematerialia\/estructuras-cristalinas\/wp-json\/wp\/v2\/types\/page"}],"author":[{"embeddable":true,"href":"https:\/\/grupo.us.es\/derematerialia\/estructuras-cristalinas\/wp-json\/wp\/v2\/users\/1"}],"replies":[{"embeddable":true,"href":"https:\/\/grupo.us.es\/derematerialia\/estructuras-cristalinas\/wp-json\/wp\/v2\/comments?post=767"}],"version-history":[{"count":13,"href":"https:\/\/grupo.us.es\/derematerialia\/estructuras-cristalinas\/wp-json\/wp\/v2\/pages\/767\/revisions"}],"predecessor-version":[{"id":1699,"href":"https:\/\/grupo.us.es\/derematerialia\/estructuras-cristalinas\/wp-json\/wp\/v2\/pages\/767\/revisions\/1699"}],"wp:attachment":[{"href":"https:\/\/grupo.us.es\/derematerialia\/estructuras-cristalinas\/wp-json\/wp\/v2\/media?parent=767"}],"curies":[{"name":"wp","href":"https:\/\/api.w.org\/{rel}","templated":true}]}}