{"id":337,"date":"2019-05-28T12:18:20","date_gmt":"2019-05-28T10:18:20","guid":{"rendered":"http:\/\/grupo.us.es\/derematerialia\/estructuras-cristalinas\/?page_id=337"},"modified":"2019-07-10T13:29:14","modified_gmt":"2019-07-10T11:29:14","slug":"redes-de-bravais","status":"publish","type":"page","link":"https:\/\/grupo.us.es\/derematerialia\/estructuras-cristalinas\/redes-de-bravais\/","title":{"rendered":"Redes de Bravais"},"content":{"rendered":"\n<p style=\"text-align: justify;\">Ya en el siglo XIX, el f\u00edsico franc\u00e9s A. Bravais demostr\u00f3 que para evidenciar con claridad todas las simetr\u00edas posibles de las redes tridimensionales son necesarios no 7, sino&nbsp;<strong>14 celdillas elementales<\/strong>, que, en su honor, son denominadas&nbsp;<strong><em>celdillas de Bravais<\/em><\/strong>. Estas celdillas se construyen a partir de los&nbsp;<a href=\"http:\/\/grupo.us.es\/derematerialia\/estructuras-cristalinas\/sistemas-cristalinos\/\">7 poliedros anteriores<\/a>, pero asoci\u00e1ndoles una serie de puntos (nudos) que no s\u00f3lo est\u00e1n situados en los v\u00e9rtices, sino tambi\u00e9n en el centro del mismo, o en el centro de sus caras.<\/p>\n\n\n\n<p style=\"text-align: justify;\">La siguiente tabla ilustra estas 14 celdillas y los sistemas a los que pertenecen. La repetici\u00f3n en las tres direcciones del espacio de estas celdillas que contienen nudos origina lo que se denomina\u00a0<strong><em>red espacial o de Bravais<\/em><\/strong> (lo que viene a ser algo as\u00ed como \u00ab<em>el esqueleto imaginario<\/em>\u00bb del cristal).<\/p>\n<table style=\"border-collapse: collapse; width: 100%; height: 182px;\">\n<tbody>\n<tr style=\"height: 26px;\">\n<td style=\"width: 33.3333%; height: 26px;\"><a href=\"http:\/\/grupo.us.es\/derematerialia\/estructuras-cristalinas\/cubico-2\/\">C\u00fabico<\/a><\/td>\n<td style=\"width: 33.3333%; height: 26px;\">a=b=c<\/td>\n<td style=\"width: 33.3333%; height: 26px;\">\u03b1=\u03b2=\u03b3=90\u00b0<\/td>\n<\/tr>\n<tr style=\"height: 26px;\">\n<td style=\"width: 33.3333%; height: 26px;\"><a href=\"http:\/\/grupo.us.es\/derematerialia\/estructuras-cristalinas\/tetragonal-2\/\">Tetragonal<\/a><\/td>\n<td style=\"width: 33.3333%; height: 26px;\">a=b\u2260c<\/td>\n<td style=\"width: 33.3333%; height: 26px;\">\u03b1=\u03b2=\u03b3=90\u00b0<\/td>\n<\/tr>\n<tr style=\"height: 26px;\">\n<td style=\"width: 33.3333%; height: 26px;\"><a href=\"http:\/\/grupo.us.es\/derematerialia\/estructuras-cristalinas\/ortorrombico-2\/\">Ortorr\u00f3mbico<\/a><\/td>\n<td style=\"width: 33.3333%; height: 26px;\">a\u2260b\u2260c<\/td>\n<td style=\"width: 33.3333%; height: 26px;\">\u03b1=\u03b2=\u03b3=90\u00b0<\/td>\n<\/tr>\n<tr style=\"height: 26px;\">\n<td style=\"width: 33.3333%; height: 26px;\"><a href=\"http:\/\/grupo.us.es\/derematerialia\/estructuras-cristalinas\/hexagonal-4\/\">Hexagonal<\/a><\/td>\n<td style=\"width: 33.3333%; height: 26px;\">a=b\u2260c<\/td>\n<td style=\"width: 33.3333%; height: 26px;\">\u03b1=\u03b2=90\u00b0 \u03b3=120\u00b0<\/td>\n<\/tr>\n<tr style=\"height: 26px;\">\n<td style=\"width: 33.3333%; height: 26px;\"><a href=\"http:\/\/grupo.us.es\/derematerialia\/estructuras-cristalinas\/trigonal\/\">Trigonal<\/a><\/td>\n<td style=\"width: 33.3333%; height: 26px;\">a=b=c<\/td>\n<td style=\"width: 33.3333%; height: 26px;\">&gt;\u03b1=\u03b2=\u03b3 &lt;120\u00b0,\u226090\u00b0<\/td>\n<\/tr>\n<tr style=\"height: 26px;\">\n<td style=\"width: 33.3333%; height: 26px;\"><a href=\"http:\/\/grupo.us.es\/derematerialia\/estructuras-cristalinas\/monoclinico-2\/\">Monocl\u00ednico<\/a><\/td>\n<td style=\"width: 33.3333%; height: 26px;\">a\u2260b\u2260c<\/td>\n<td style=\"width: 33.3333%; height: 26px;\">\u03b1=\u03b3=90\u00b0 \u2260\u03b2<\/td>\n<\/tr>\n<tr style=\"height: 26px;\">\n<td style=\"width: 33.3333%; height: 26px;\"><a href=\"http:\/\/grupo.us.es\/derematerialia\/estructuras-cristalinas\/triclinico-2\/\">Tricl\u00ednico<\/a><\/td>\n<td style=\"width: 33.3333%; height: 26px;\">a\u2260b\u2260c<\/td>\n<td style=\"width: 33.3333%; height: 26px;\">\u03b1\u2260\u03b2\u2260\u03b3<\/td>\n<\/tr>\n<\/tbody>\n<\/table>\n\n\n\n<div class=\"wp-block-columns has-2-columns is-layout-flex wp-container-core-columns-layout-1 wp-block-columns-is-layout-flex\">\n<div class=\"wp-block-column is-layout-flow wp-block-column-is-layout-flow\">\n<p><\/p>\n<\/div>\n\n\n\n<div class=\"wp-block-column is-layout-flow wp-block-column-is-layout-flow\">\n<p><\/p>\n<\/div>\n<\/div>\n","protected":false},"excerpt":{"rendered":"<p>Ya en el siglo XIX, el f\u00edsico franc\u00e9s A. Bravais demostr\u00f3 que para evidenciar con claridad todas las simetr\u00edas posibles de las redes tridimensionales son necesarios no 7, sino&nbsp;14 celdillas elementales, que, en su honor, son denominadas&nbsp;celdillas de Bravais. Estas celdillas se construyen a partir de los&nbsp;7 poliedros anteriores, pero asoci\u00e1ndoles una serie de puntos [&hellip;]<\/p>\n","protected":false},"author":1,"featured_media":0,"parent":0,"menu_order":0,"comment_status":"closed","ping_status":"closed","template":"","meta":{"ngg_post_thumbnail":0,"footnotes":"","_mc_calendar":[]},"_links":{"self":[{"href":"https:\/\/grupo.us.es\/derematerialia\/estructuras-cristalinas\/wp-json\/wp\/v2\/pages\/337"}],"collection":[{"href":"https:\/\/grupo.us.es\/derematerialia\/estructuras-cristalinas\/wp-json\/wp\/v2\/pages"}],"about":[{"href":"https:\/\/grupo.us.es\/derematerialia\/estructuras-cristalinas\/wp-json\/wp\/v2\/types\/page"}],"author":[{"embeddable":true,"href":"https:\/\/grupo.us.es\/derematerialia\/estructuras-cristalinas\/wp-json\/wp\/v2\/users\/1"}],"replies":[{"embeddable":true,"href":"https:\/\/grupo.us.es\/derematerialia\/estructuras-cristalinas\/wp-json\/wp\/v2\/comments?post=337"}],"version-history":[{"count":7,"href":"https:\/\/grupo.us.es\/derematerialia\/estructuras-cristalinas\/wp-json\/wp\/v2\/pages\/337\/revisions"}],"predecessor-version":[{"id":645,"href":"https:\/\/grupo.us.es\/derematerialia\/estructuras-cristalinas\/wp-json\/wp\/v2\/pages\/337\/revisions\/645"}],"wp:attachment":[{"href":"https:\/\/grupo.us.es\/derematerialia\/estructuras-cristalinas\/wp-json\/wp\/v2\/media?parent=337"}],"curies":[{"name":"wp","href":"https:\/\/api.w.org\/{rel}","templated":true}]}}