{"id":1772,"date":"2022-05-22T16:12:41","date_gmt":"2022-05-22T15:12:41","guid":{"rendered":"http:\/\/192.168.64.4\/demokratia\/?page_id=1772"},"modified":"2022-05-22T16:12:41","modified_gmt":"2022-05-22T15:12:41","slug":"investigadores","status":"publish","type":"page","link":"https:\/\/grupo.us.es\/demokratia\/?page_id=1772","title":{"rendered":"Investigadores"},"content":{"rendered":"\n<p><a href=\"https:\/\/www.us.es\/trabaja-en-la-us\/directorio\/jesus-francisco-de-garay-suarez-llanos\" data-type=\"URL\" data-id=\"https:\/\/www.us.es\/trabaja-en-la-us\/directorio\/jesus-francisco-de-garay-suarez-llanos\" target=\"_blank\" rel=\"noreferrer noopener\">Jes\u00fas de Garay Su\u00e1rez-Llanos<\/a> (Universidad de Sevilla)<\/p>\n\n\n\n<p><a href=\"https:\/\/classics.princeton.edu\/people\/faculty\/core\/marc-domingo-gygax\" data-type=\"URL\" data-id=\"https:\/\/classics.princeton.edu\/people\/faculty\/core\/marc-domingo-gygax\">Mar<\/a><a rel=\"noreferrer noopener\" href=\"https:\/\/classics.princeton.edu\/people\/faculty\/core\/marc-domingo-gygax\" data-type=\"URL\" data-id=\"https:\/\/classics.princeton.edu\/people\/faculty\/core\/marc-domingo-gygax\" target=\"_blank\">c Domingo Gyga<\/a><a href=\"https:\/\/classics.princeton.edu\/people\/faculty\/core\/marc-domingo-gygax\" data-type=\"URL\" data-id=\"https:\/\/classics.princeton.edu\/people\/faculty\/core\/marc-domingo-gygax\">x<\/a> (Princeton University)<\/p>\n\n\n\n<p><a rel=\"noreferrer noopener\" href=\"https:\/\/www.us.es\/trabaja-en-la-us\/directorio\/jesus-fernandez-munoz\" data-type=\"URL\" data-id=\"https:\/\/www.us.es\/trabaja-en-la-us\/directorio\/jesus-fernandez-munoz\" target=\"_blank\">Jes\u00fas Fern\u00e1ndez Mu\u00f1oz<\/a> (Universidad de Sevilla)<\/p>\n\n\n\n<p><a rel=\"noreferrer noopener\" href=\"https:\/\/personal.us.es\/cfornis\/\" target=\"_blank\">C\u00e9sar Fornis<\/a> (Universidad de Sevilla)<\/p>\n\n\n\n<p><a href=\"https:\/\/www.uniurb.it\/persone\/fabio-frosini\" data-type=\"URL\" data-id=\"https:\/\/www.uniurb.it\/persone\/fabio-frosini\" target=\"_blank\" rel=\"noreferrer noopener\">Fabio Frosini<\/a> (Universit\u00e0 di Urbino)<\/p>\n\n\n\n<p><a href=\"https:\/\/www.ub.edu\/historiaantiga\/?page_id=872\" data-type=\"URL\" data-id=\"https:\/\/www.ub.edu\/historiaantiga\/?page_id=872\">Manel Garc\u00eda S\u00e1nchez <\/a>(Universidad de Barcelona)<\/p>\n\n\n\n<p><a href=\"https:\/\/www.us.es\/trabaja-en-la-us\/directorio\/antonio-hermosa-andujar\" data-type=\"URL\" data-id=\"https:\/\/www.us.es\/trabaja-en-la-us\/directorio\/antonio-hermosa-andujar\" target=\"_blank\" rel=\"noreferrer noopener\">Antonio Hermosa And\u00fajar<\/a> (Universidad de Sevilla)<\/p>\n\n\n\n<p><a href=\"https:\/\/rcc.harvard.edu\/people\/unai-iriarte-asarta\" data-type=\"URL\" data-id=\"https:\/\/rcc.harvard.edu\/people\/unai-iriarte-asarta\" target=\"_blank\" rel=\"noreferrer noopener\">Unai Iriarte Asarta<\/a> (Universidad de Sevilla-University of Harvard)<\/p>\n\n\n\n<p><a href=\"https:\/\/unica.it\/unica\/it\/ateneo_s07_ss01.page?contentId=SHD30659\" data-type=\"URL\" data-id=\"https:\/\/unica.it\/unica\/it\/ateneo_s07_ss01.page?contentId=SHD30659\" target=\"_blank\" rel=\"noreferrer noopener\">Elisabetta Poddighe<\/a> (Universit\u00e0 di Cagliari)<\/p>\n\n\n\n<p><a href=\"http:\/\/www.uco.es\/~fs1roalr\/index.htm\" data-type=\"URL\" data-id=\"http:\/\/www.uco.es\/~fs1roalr\/index.htm\" target=\"_blank\" rel=\"noreferrer noopener\">Ram\u00f3n Rom\u00e1n Alcal\u00e1<\/a> (Universidad de C\u00f3rdoba)<\/p>\n\n\n\n<p><a rel=\"noreferrer noopener\" href=\"http:\/\/www.unizar.es\/departamentos\/ciencias_antiguedad\/direccion.html\" data-type=\"URL\" data-id=\"http:\/\/www.unizar.es\/departamentos\/ciencias_antiguedad\/direccion.html\" target=\"_blank\">Laura Sancho Rocher<\/a> (Universidad de Zaragoza)<\/p>\n\n\n\n<p><\/p>\n","protected":false},"excerpt":{"rendered":"<p>Jes\u00fas de Garay Su\u00e1rez-Llanos (Universidad de Sevilla) Marc Domingo Gygax (Princeton University) Jes\u00fas Fern\u00e1ndez Mu\u00f1oz (Universidad de Sevilla) C\u00e9sar Fornis (Universidad de Sevilla) Fabio Frosini (Universit\u00e0 di Urbino) Manel Garc\u00eda S\u00e1nchez (Universidad de Barcelona) Antonio Hermosa And\u00fajar (Universidad de Sevilla) Unai Iriarte Asarta (Universidad de Sevilla-University of Harvard) Elisabetta Poddighe [&hellip;]<\/p>\n","protected":false},"author":1,"featured_media":0,"parent":0,"menu_order":0,"comment_status":"closed","ping_status":"closed","template":"","meta":{"footnotes":""},"class_list":["post-1772","page","type-page","status-publish","hentry"],"_links":{"self":[{"href":"https:\/\/grupo.us.es\/demokratia\/index.php?rest_route=\/wp\/v2\/pages\/1772"}],"collection":[{"href":"https:\/\/grupo.us.es\/demokratia\/index.php?rest_route=\/wp\/v2\/pages"}],"about":[{"href":"https:\/\/grupo.us.es\/demokratia\/index.php?rest_route=\/wp\/v2\/types\/page"}],"author":[{"embeddable":true,"href":"https:\/\/grupo.us.es\/demokratia\/index.php?rest_route=\/wp\/v2\/users\/1"}],"replies":[{"embeddable":true,"href":"https:\/\/grupo.us.es\/demokratia\/index.php?rest_route=%2Fwp%2Fv2%2Fcomments&post=1772"}],"version-history":[{"count":0,"href":"https:\/\/grupo.us.es\/demokratia\/index.php?rest_route=\/wp\/v2\/pages\/1772\/revisions"}],"wp:attachment":[{"href":"https:\/\/grupo.us.es\/demokratia\/index.php?rest_route=%2Fwp%2Fv2%2Fmedia&parent=1772"}],"curies":[{"name":"wp","href":"https:\/\/api.w.org\/{rel}","templated":true}]}}