{"id":613,"date":"2017-02-02T12:29:24","date_gmt":"2017-02-02T11:29:24","guid":{"rendered":"http:\/\/test.kriesi.at\/enfold-2017\/?page_id=613"},"modified":"2023-02-21T18:04:13","modified_gmt":"2023-02-21T17:04:13","slug":"condiciones-de-uso","status":"publish","type":"page","link":"https:\/\/grupo.us.es\/conservacionyp\/condiciones-de-uso\/","title":{"rendered":"CONDICIONES DE USO"},"content":{"rendered":"<div id='av_section_1'  class='avia-section av-23d3rp-75defecb7e2dea05b3a983d3748e470b main_color avia-section-large avia-no-border-styling  avia-builder-el-0  avia-builder-el-no-sibling  avia-bg-style-scroll container_wrap sidebar_right'  ><div class='container av-section-cont-open' ><main  role=\"main\" itemprop=\"mainContentOfPage\"  class='template-page content  av-content-small alpha units'><div class='post-entry post-entry-type-page post-entry-613'><div class='entry-content-wrapper clearfix'>\n\n<style type=\"text\/css\" data-created_by=\"avia_inline_auto\" id=\"style-css-av-1uegst-3c6cd8c3aeb0a100b6c0924e9479dc9d\">\n#top .av-special-heading.av-1uegst-3c6cd8c3aeb0a100b6c0924e9479dc9d{\npadding-bottom:20px;\nfont-size:40px;\n}\nbody .av-special-heading.av-1uegst-3c6cd8c3aeb0a100b6c0924e9479dc9d .av-special-heading-tag .heading-char{\nfont-size:25px;\n}\n#top #wrap_all .av-special-heading.av-1uegst-3c6cd8c3aeb0a100b6c0924e9479dc9d .av-special-heading-tag{\nfont-size:40px;\n}\n.av-special-heading.av-1uegst-3c6cd8c3aeb0a100b6c0924e9479dc9d .av-subheading{\nfont-size:15px;\n}\n<\/style>\n<div  class='av-special-heading av-1uegst-3c6cd8c3aeb0a100b6c0924e9479dc9d av-special-heading-h2 blockquote modern-quote  avia-builder-el-1  el_before_av_hr  avia-builder-el-first  av-inherit-size'><h2 class='av-special-heading-tag'  itemprop=\"headline\"  >Condiciones de uso y Privacidad<\/h2><div class=\"special-heading-border\"><div class=\"special-heading-inner-border\"><\/div><\/div><\/div>\n\n<style type=\"text\/css\" data-created_by=\"avia_inline_auto\" id=\"style-css-av-6ab2t-d44773c7fcb889e2ce9eb4c6ea0c7538\">\n#top .hr.av-6ab2t-d44773c7fcb889e2ce9eb4c6ea0c7538{\nmargin-top:10px;\nmargin-bottom:10px;\n}\n.hr.av-6ab2t-d44773c7fcb889e2ce9eb4c6ea0c7538 .hr-inner{\nwidth:50px;\nborder-color:#000000;\n}\n<\/style>\n<div  class='hr av-6ab2t-d44773c7fcb889e2ce9eb4c6ea0c7538 hr-custom  avia-builder-el-2  el_after_av_heading  el_before_av_textblock  hr-left hr-icon-no'><span class='hr-inner inner-border-av-border-fat'><span class=\"hr-inner-style\"><\/span><\/span><\/div>\n<section  class='av_textblock_section av-1dsxzx-1d4854f20a3336c92501e8005d2216a1'  itemscope=\"itemscope\" itemtype=\"https:\/\/schema.org\/CreativeWork\" ><div class='avia_textblock'  itemprop=\"text\" ><h3>Grupo de Investigaci\u00f3n: Conservaci\u00f3n del patrimonio. M\u00e9todos y T\u00e9cnicas (C&amp;P)<\/h3>\n<p>Esta p\u00e1gina web tiene como objetivo divulgar los objetivos, l\u00edneas de investigaci\u00f3n, componentes y actividades que en materia de Patrimonio realiza el grupo de investigaci\u00f3n Conservaci\u00f3n del patrimonio, M\u00e9todos y T\u00e9cnicas. C&amp;P. Su objetivo es facilitar la comunicaci\u00f3n y el intercambio de experiencias en esta materia con la comunidad investigadora, universitaria y no, con las instituciones de la Conservaci\u00f3n e Investigaci\u00f3n y con los profesionales del sector.\u2028 El responsable de esta web es la responsable de grupo, con sede en la Facultad de Bellas Artes (Departamento de Pintura), Calle Lara\u00f1a, 3\u2013 41003 Sevilla.<\/p>\n<p>Aunque este grupo de investigaci\u00f3n pone el m\u00e1ximo cuidado en los contenidos de esta p\u00e1gina, no se responsabiliza de los da\u00f1os o perjuicios que puedan derivarse del acceso, uso, o mala utilizaci\u00f3n de la web. En el caso de que la informaci\u00f3n contenida en la web, por error u omisi\u00f3n, sea contraria a la normativa vigente no puede ser alegada para obtener derechos o beneficios que de no existir dicha contradicci\u00f3n no se obtendr\u00edan.\u2028 Si detecta alg\u00fan problema, le rogamos contacte con nosotros mediante el siguiente correo electr\u00f3nico: <a href=\"mailto:conservacionypatrimonio@us.es\">conservacionypatrimonio@us.es<\/a><\/p>\n<h3>Propiedad Industrial e Intelectual<\/h3>\n<p>En general, la Universidad de Sevilla es titular de los derechos de Propiedad Industrial e Intelectual de todos los contenidos de la p\u00e1gina web (incluyendo logotipos, im\u00e1genes, textos, software y dem\u00e1s elementos), no pudiendo ser objeto de explotaci\u00f3n, reproducci\u00f3n, modificaci\u00f3n, distribuci\u00f3n, comunicaci\u00f3n p\u00fablica, cesi\u00f3n o transformaci\u00f3n sin autorizaci\u00f3n previa expresa y por escrito.<\/p>\n<p>En casos concretos (im\u00e1genes de la web), es posible la existencia de contenido cuyos derechos de Propiedad Industrial e Intelectual pertenezcan a terceros, y para los cuales se tiene la autorizaci\u00f3n para su publicaci\u00f3n. Para este caso, se debe solicitar autorizaci\u00f3n previa y expresa a los autores de dichos contenidos.<\/p>\n<p>Los escudos, logotipos, fotograf\u00edas y gr\u00e1ficos generales son propiedad de la Universidad de Sevilla, los logotipos e im\u00e1genes que aparecen en los diferentes apartados de esta p\u00e1gina web es propiedad de los componentes de la misma y queda expresamente prohibida su reproducci\u00f3n total o parcial por cualquier medio sin permiso escrito del propietario.<\/p>\n<h3>Protecci\u00f3n de datos<\/h3>\n<p>De acuerdo con la Ley Org\u00e1nica de Protecci\u00f3n de Datos Personales 15\/1999, se informa de manera general que los datos personales proporcionados en formularios de este sitio web se incorporar\u00e1n a ficheros. Podr\u00e1 ejercitar sus derechos de acceso, rectificaci\u00f3n, cancelaci\u00f3n y oposici\u00f3n, en su caso, respecto de sus datos personales en los t\u00e9rminos previstos en la Ley 15\/1999, pudiendo ejercitar este derecho por escrito mediante carta a la responsable del Grupo de Investigaci\u00f3n C&amp;P. Facultad de Bellas Artes Calle Lara\u00f1a, 3\u2013 41003 Sevilla, indicando la referencia \u00abProtecci\u00f3n de Datos P\u00e1gina Web\u00bb.<\/p>\n<\/div><\/section>\n<\/div><\/div><\/main><!-- close content main element --><\/div><\/div><div id='after_section_1'  class='main_color av_default_container_wrap container_wrap sidebar_right'  ><div class='container av-section-cont-open' ><div class='template-page content  av-content-small alpha units'><div class='post-entry post-entry-type-page post-entry-613'><div class='entry-content-wrapper clearfix'>\n","protected":false},"excerpt":{"rendered":"","protected":false},"author":3,"featured_media":0,"parent":0,"menu_order":0,"comment_status":"closed","ping_status":"closed","template":"","meta":{"footnotes":""},"class_list":["post-613","page","type-page","status-publish","hentry","","conservacionyp","wp-json","wp","v2","pages","613"],"_links":{"self":[{"href":"https:\/\/grupo.us.es\/conservacionyp\/wp-json\/wp\/v2\/pages\/613","targetHints":{"allow":["GET"]}}],"collection":[{"href":"https:\/\/grupo.us.es\/conservacionyp\/wp-json\/wp\/v2\/pages"}],"about":[{"href":"https:\/\/grupo.us.es\/conservacionyp\/wp-json\/wp\/v2\/types\/page"}],"author":[{"embeddable":true,"href":"https:\/\/grupo.us.es\/conservacionyp\/wp-json\/wp\/v2\/users\/3"}],"replies":[{"embeddable":true,"href":"https:\/\/grupo.us.es\/conservacionyp\/wp-json\/wp\/v2\/comments?post=613"}],"version-history":[{"count":4,"href":"https:\/\/grupo.us.es\/conservacionyp\/wp-json\/wp\/v2\/pages\/613\/revisions"}],"predecessor-version":[{"id":3891,"href":"https:\/\/grupo.us.es\/conservacionyp\/wp-json\/wp\/v2\/pages\/613\/revisions\/3891"}],"wp:attachment":[{"href":"https:\/\/grupo.us.es\/conservacionyp\/wp-json\/wp\/v2\/media?parent=613"}],"curies":[{"name":"wp","href":"https:\/\/api.w.org\/{rel}","templated":true}]}}