{"id":904,"date":"2013-05-15T17:07:22","date_gmt":"2013-05-15T17:07:22","guid":{"rendered":"http:\/\/grupo.us.es\/atlas\/?page_id=904"},"modified":"2025-08-26T13:12:51","modified_gmt":"2025-08-26T11:12:51","slug":"silvia-fernandez-cacho","status":"publish","type":"page","link":"https:\/\/grupo.us.es\/atlas\/index.php\/descripcion\/integrantes\/silvia-fernandez-cacho\/","title":{"rendered":"Silvia Fern\u00e1ndez Cacho"},"content":{"rendered":"\n<p>Titulaci\u00f3n<\/p>\n\n\n\n<figure class=\"wp-block-image size-full is-resized\"><img loading=\"lazy\" decoding=\"async\" width=\"389\" height=\"393\" src=\"https:\/\/grupo.us.es\/atlas\/wp-content\/uploads\/2023\/09\/FotoGrupoSFC.jpg\" alt=\"\" class=\"wp-image-3854\" style=\"width:150px\"\/><\/figure>\n\n\n\n<p>Doctora en Historia, Universidad de Sevilla.<\/p>\n\n\n\n<p>Biograf\u00eda<\/p>\n\n\n\n<p>Silvia Fern\u00e1ndez Cachocurs\u00f3 sus estudios de Geograf\u00eda e Historia en la Universidad de Sevilla entre los a\u00f1os 1985-1990, en la especialidad de Historia Antigua y Medieval, obteniendo el grado de Suficiencia Investigadora en 1994 tras la presentaci\u00f3n de su Tesis de Licenciatura \u201c<em>El Campo de Gibraltar en la Antig\u00fcedad. Una aproximaci\u00f3n arqueol\u00f3gica a la estructura econ\u00f3mica de un territorio integrado<\/em>\u201d. En Junio de 2006 obtuvo el t\u00edtulo de Experto Universitario en Protecci\u00f3n, Gesti\u00f3n y Ordenaci\u00f3n del Paisaje y en Julio del mismo a\u00f1o el de Doctora Europea en Historia con una Tesis titulada \u201c<em>Patrimonio Arqueol\u00f3gico y Pol\u00edticas Territoriales en Andaluc\u00eda<\/em>\u201c. Entre los a\u00f1os 1990 y 1993, desarroll\u00f3 diversas actividades arqueol\u00f3gicas de urgencia en las provincias de C\u00e1diz y Sevilla, y particip\u00f3 en la revisi\u00f3n del Inventario de Yacimientos Arqueol\u00f3gicos de Andaluc\u00eda promovida por la Direcci\u00f3n General de Bienes Culturales de la Consejer\u00eda de Cultural de la Junta de Andaluc\u00eda. A finales de 1993 se integr\u00f3 en un equipo multidisciplinar para la definici\u00f3n del Instrumento Integral de Tutela en \u00c1reas Territoriales, Culturales y Ambientales en el&nbsp;<a href=\"https:\/\/www.juntadeandalucia.es\/cultura\/iaph\" target=\"_blank\" rel=\"noreferrer noopener\">Instituto Andaluz del Patrimonio Hist\u00f3rico (IAPH)<\/a>&nbsp;de la Junta de Andaluc\u00eda.&nbsp; Entre 1994 y 2008 trabaj\u00f3 en varios proyectos, incluyendo el dise\u00f1o y desarrollo del&nbsp;<a href=\"https:\/\/www.juntadeandalucia.es\/cultura\/iaph\/portal\/Tematicas\/Publicaciones\/CuadernosIAPH\/CuadernosTecnicos\/cuaderno.jsp?seccion=TEMATICAS&amp;entrada=\/portal\/Tematicas\/Publicaciones\/CuadernosIAPH\/CuadernosTecnicos\/index.jsp&amp;pag=\/portal\/Contenidos\/CuadernosTecnicos\/CuadernoVI\" target=\"_blank\" rel=\"noreferrer noopener\">Sistema de Informaci\u00f3n del Patrimonio Arqueol\u00f3gico de Andaluc\u00eda ARQUEOS<\/a>&nbsp;y el&nbsp;<a href=\"https:\/\/www.juntadeandalucia.es\/cultura\/iaph\/portal\/Tematicas\/InformacionPH\/Documentacion\/ProyectosColaboraciones\/detalle.jsp?pag=\/portal\/Contenidos\/DocumentacionPH\/Proyectos\/MAPA&amp;seccion=TEMATICAS&amp;entrada=\/portal\/Tematicas\/InformacionPH\/Documentacion\/ProyectosColaboraciones\/index.jsp&amp;tematica=Proyectos&amp;pagina=1\" target=\"_blank\" rel=\"noreferrer noopener\">Modelo Andaluz de Predicci\u00f3n Arqueol\u00f3gica<\/a>, as\u00ed como en la coordinaci\u00f3n del Laboratorio del Paisaje del Centro de Documentaci\u00f3n del IAPH. Desde 2019 dirige el proyecto&nbsp;<a href=\"https:\/\/www.iaph.es\/web\/sites\/paysoc-percepcion-social-del-paisaje-y-etnografia-virtual\/index.html\"><em>PAYSOC. Paisaje y Sociedad. An\u00e1lisis de la percepci\u00f3n social en paisajes culturales<\/em><\/a>&nbsp;del&nbsp;&nbsp;Ministerio de Ciencia, Innovaci\u00f3n y Universidades.<\/p>\n\n\n\n<p>L\u00edneas de investigaci\u00f3n<\/p>\n\n\n\n<p>Sus principales campo de trabajo e investigaci\u00f3n son la gesti\u00f3n de inventarios arqueol\u00f3gicos (definici\u00f3n, legislaci\u00f3n, protecci\u00f3n y sistemas de informaci\u00f3n), el patrimonio arqueol\u00f3gico y la ordenaci\u00f3n territorial y la arqueolog\u00eda del paisaje (m\u00e9todos y gesti\u00f3n), temas sobre los que ha realizado numerosas publicaciones nacionales e internacionales.<\/p>\n\n\n\n<p>Dedicaci\u00f3n actual<\/p>\n\n\n\n<p>Actualmente es jefa del Laboratorio de Paisaje Cultural del IAPH<\/p>\n\n\n\n<p>Publicaciones m\u00e1s relevantes<\/p>\n\n\n\n<p><strong>Monograf\u00edas<\/strong><\/p>\n\n\n\n<ol start=\"1\" class=\"wp-block-list\">\n<li>\u00a0Fern\u00e1ndez Cacho S. (2021): Open Archaeology. Advances and challenges in the management of archaeological contents.\u00a0<em>Complutum<\/em>, 32, pp. 443-458.\u00a0<a href=\"https:\/\/doi.org\/10.5209\/cmpl.78570\" target=\"_blank\" rel=\"noreferrer noopener\">https:\/\/doi.org\/10.5209\/cmpl.78570<\/a><\/li>\n\n\n\n<li>Fern\u00e1ndez Cacho, S. (2023). Cultural Landscapes Inventories: Theories, Methods and Techniques.\u00a0<em>ACE: Architecture, City and Environment<\/em>,\u00a0<em>17<\/em>(51).\u00a0<a href=\"https:\/\/doi.org\/10.5821\/ace.17.51.11807\" target=\"_blank\" rel=\"noreferrer noopener\">https:\/\/doi.org\/10.5821\/ace.17.51.11807<\/a><\/li>\n\n\n\n<li>Fern\u00e1ndez Cacho, S., &amp; Dur\u00e1n Salado, I. (2023). Contenidos web y percepciones sociales: la imagen proyectada del paisaje cultural de Constantina (Sevilla, Espa\u00f1a).\u00a0<em>Bolet\u00edn de La Asociaci\u00f3n de Ge\u00f3grafos Espa\u00f1oles<\/em>,\u00a0<em>96<\/em>.<a href=\"https:\/\/doi.org\/10.5821\/ace.17.51.11807\" target=\"_blank\" rel=\"noreferrer noopener\">\u00a0<\/a><a href=\"https:\/\/doi.org\/10.21138\/bage.3260\" target=\"_blank\" rel=\"noreferrer noopener\">https:\/\/doi.org\/10.21138\/bage.3260<\/a><\/li>\n\n\n\n<li>Fern\u00e1ndez Cacho, Silvia &amp; Dur\u00e1n Salado, Mar\u00eda Isabel (2023): Paisaje cultural, percepci\u00f3n social y etnograf\u00eda virtual: conceptos, experiencias y retos. En M. R. de la O Cabrera y F. Arqu\u00e9s Soler (Eds.):\u00a0<em>Ensambles: Paisaje contempor\u00e1neo y pr\u00e1ctica patrimonial<\/em>.Madrid: Abada Editores, 131-141<\/li>\n\n\n\n<li>Dur\u00e1n Salado, Mar\u00eda Isabel, &amp; Fern\u00e1ndez Cacho, Silvia. (2022). Cultural Landscapes and Social Perceptions on the Internet. A methodological proposal. In\u00a0<em>Paisajes Culturales y Percepciones Sociales<\/em>\u00a0(pp. 151\u2013179). Junta de Andaluc\u00eda.<\/li>\n\n\n\n<li>Fern\u00e1ndez Cacho, Silvia, &amp; Dur\u00e1n Salado, Mar\u00eda Isabel (Eds.) (2022).\u00a0<em>Paisajes culturales y percepciones sociales \u2013 Publicaciones \u2013 Junta de Andaluc\u00eda<\/em>. Junta de Andaluc\u00eda.\u00a0<a href=\"https:\/\/www.juntadeandalucia.es\/organismos\/iaph\/servicios\/publicaciones\/detalle\/403093.html\" target=\"_blank\" rel=\"noreferrer noopener\">https:\/\/www.juntadeandalucia.es\/organismos\/iaph\/servicios\/publicaciones\/detalle\/403093.html<\/a><\/li>\n\n\n\n<li>Fern\u00e1ndez Cacho S. (Coord) (2022):\u00a0<em>How to Create a Cultural Landscape Guide<\/em>. Junta de Andaluc\u00eda. Sevilla<\/li>\n\n\n\n<li>\u00a0Fern\u00e1ndez Cacho S.. (Coord.) (2021):\u00a0<em>Criterios para la elaboraci\u00f3n de gu\u00edas de paisaje cultural<\/em>. Junta de Andaluc\u00eda. Sevilla.<\/li>\n\n\n\n<li>Fern\u00e1ndez Cacho, S.; Fern\u00e1ndez Salinas, V.; Rodrigo C\u00e1mara, J. M. (Coords.) (2018):\u00a0<em>Register of Landscapes of Cultural Interest in Andalusia. Informative Document.<\/em>\u00a0Instituto Andaluz del Patrimonio Hist\u00f3rico. Junta de Andaluc\u00eda. Sevilla.<\/li>\n\n\n\n<li>Fern\u00e1ndez Cacho, S.; Fern\u00e1ndez Salinas, V.; Rodrigo C\u00e1mara, J. M. (Coords.) (2018):\u00a0<em>Registro de Paisajes de Inter\u00e9s Cultural de Andaluc\u00eda. Documento Divulgativo.<\/em>\u00a0Instituto Andaluz del Patrimonio Hist\u00f3rico. Junta de Andaluc\u00eda. Sevilla.<\/li>\n\n\n\n<li>Fern\u00e1ndez Baca-Casares, R.; Fern\u00e1ndez Cacho, S.; Salmer\u00f3n Escobar, P. (Coords.) (2017):\u00a0<em>Gu\u00eda del Paisaje Hist\u00f3rico Urbano de Sevilla.\u00a0<\/em><em>Documento Divulgativo<\/em>. Insituto Andaluz del Patrimonio Hist\u00f3rico. Junta de Andaluc\u00eda. Sevilla.<\/li>\n\n\n\n<li>Mu\u00f1oz Cruz, V.; Fern\u00e1ndez Cacho, S.; Arenillas Torrej\u00f3n, J. (Eds.) (2017):\u00a0<em>Documentaci\u00f3n del Patrimonio Cultural.\u00a0<\/em>Instituto Andaluz del Patrimonio Hist\u00f3rico. Junta de Andaluc\u00eda. Sevilla.<\/li>\n\n\n\n<li>Fern\u00e1ndez Cacho, S.; Fern\u00e1ndez Salinas, V.; Hern\u00e1ndez Le\u00f3n, E.; L\u00f3pez Mart\u00edn, E.; Quintero Mor\u00f3n, V.; Rodrigo C\u00e1mara, J.M. y Zarza Balluguera, D. (2010): \u00a0<a href=\"https:\/\/www.juntadeandalucia.es\/organismos\/culturaypatrimoniohistorico\/iaph\/servicios\/publicaciones\/detalle\/78651.html\"><em>Paisaje y Patrimonio Cultural en Andaluc\u00eda. Tiempo, Usos e Im\u00e1genes<\/em><\/a>. Instituto Andaluz del Patrimonio Hist\u00f3rico. Junta de Andaluc\u00eda.<\/li>\n\n\n\n<li>Fern\u00e1ndez Cacho, S. y Rodrigo C\u00e1mara, J. M. (Coords.) (2009):\u00a0<em><a href=\"https:\/\/www.juntadeandalucia.es\/cultura\/iaph\/nav\/modeloandaluzdeprediccionarqueologica\" target=\"_blank\" rel=\"noreferrer noopener\">MAPA. Modelo Andaluz de Predicci\u00f3n Arqueol\u00f3gica<\/a><\/em>. Instituto Andaluz del Patrimonio Hist\u00f3rico.<\/li>\n\n\n\n<li>Fern\u00e1ndez Cacho, S. (2008):\u00a0<em><a href=\"https:\/\/grupo.us.es\/atlas\/descripcion\/integrantes\/silvia-fernandez-cacho\/patrimonio-arqueologico-y-planificacion-territorial-estrategias-de-gestion-para-andalucia\/\">Patrimonio Arqueol\u00f3gico y Planificaci\u00f3n Territorial. Estrategias de Gesti\u00f3n para Andaluc\u00eda<\/a><\/em>. \u00a0Junta de Andaluc\u00eda y Universidad de Sevilla<\/li>\n\n\n\n<li>Alonso Villalobos, C.; Caballero S\u00e1nchez, J.V.; Corbacho Bandullo, M.A.; Cullell Muro, M.; Fern\u00e1ndez Cacho, S.; Fern\u00e1ndez-Baca Casares, R.; Frende Mato, E.; Garc\u00eda de Casasola, M.; Hern\u00e1ndez Le\u00f3n, E.; Larive L\u00f3pez, E.; Mart\u00ednez Montiel, L.F.; P\u00e9rez Cano, V.; Quintero Mor\u00f3n, V.; Rivas Medina, L.; Ruiz Labrador, F. y Salmer\u00f3n Escobar, P. (2004):\u00a0<em><a href=\"https:\/\/www.juntadeandalucia.es\/cultura\/iaph\/portal\/Tematicas\/Publicaciones\/CuadernosIAPH\/Cuadernos\/cuaderno.jsp?seccion=TEMATICAS&amp;entrada=\/portal\/Tematicas\/Publicaciones\/CuadernosIAPH\/Cuadernos\/index.jsp&amp;pag=\/portal\/Contenidos\/Cuadernos\/CuadernoXVI\">Gu\u00eda del Paisaje Cultural de la Ensenada de Bolonia. Avance<\/a>.<\/em>\u00a0Instituto Andaluz del Patrimonio Hist\u00f3rico. Junta de Andaluc\u00eda.<\/li>\n\n\n\n<li>Fern\u00e1ndez Cacho, S. (Ed.) (2002):\u00a0<em><a href=\"https:\/\/www.juntadeandalucia.es\/cultura\/iaph\/portal\/Tematicas\/Publicaciones\/CuadernosIAPH\/CuadernosTecnicos\/cuaderno.jsp?seccion=TEMATICAS&amp;entrada=\/portal\/Tematicas\/Publicaciones\/CuadernosIAPH\/CuadernosTecnicos\/index.jsp&amp;pag=\/portal\/Contenidos\/CuadernosTecnicos\/CuadernoVI\">ARQUEOS. Sistema de Informaci\u00f3n del Patrimonio Arqueol\u00f3gico de Andaluc\u00eda<\/a><\/em>. Cuadernos T\u00e9cnicos. Instituto Andaluz del Patrimonio Hist\u00f3rico. Consejer\u00eda de Cultura. Junta de Andaluc\u00eda.<\/li>\n<\/ol>\n\n\n\n<p><strong>Art\u00edculos y cap\u00edtulos<\/strong><\/p>\n\n\n\n<p>1.&nbsp;Fern\u00e1ndez Cacho, S&nbsp;(2021): \u201cOpen archaeology. Advances and challenges in the management of archaeological contents\u201d&nbsp;<em>Complutum,<\/em>&nbsp;32 (2), pp. 443-457<\/p>\n\n\n\n<p>2. Fern\u00e1ndez Cacho, S.&nbsp;(2021): \u201cProyectos y actuaciones del Instituto Andaluz del Patrimonio Hist\u00f3rico para la implementaci\u00f3n del Convenio Europeo del Paisaje\u201d&nbsp;<em>Patrimonio Cultural,<\/em>&nbsp;12. IPCE, pp. 159-173<\/p>\n\n\n\n<p>3.&nbsp;&nbsp;<em>Fern\u00e1ndez Cacho, S.&nbsp;(2019): \u201cL<\/em>a dimensi\u00f3n paisaj\u00edstica en la gesti\u00f3n del patrimonio cultural en Espa\u00f1a<em>\u201d&nbsp;<\/em><em>Estudios Geogr\u00e1ficos, 80 (287):<\/em><em>&nbsp;e026.<\/em><\/p>\n\n\n\n<p>4. Fern\u00e1ndez Cacho, S.&nbsp;y Mu\u00f1oz Vicente, A. (2019): \u201cPaisagem cultural, arqueolog\u00eda e turismo: Enseada de Bolonia (Espanha)\u201d.&nbsp;<em>Revista do Patrim\u00f4nio, 39<\/em>. Instituto do Patrim\u00f4nio Hist\u00f3rico e Art\u00edstico Nacional. Brasilia. Pgs.: 216-237.<\/p>\n\n\n\n<p>5. Fern\u00e1ndez Cacho, S.&nbsp;y S\u00e1enz de la Cuesta Oc\u00e1riz&nbsp;H. (2018): \u201cLandscape Laboratory of the Andalusian Institute of Historical Heritage: Actions and Achievements for the Implementation of the European Landscape Convention\u201d National Conference of Croatia: Integrated Approach to Landscape Protection, Planning and Management. Proceedings. European Spatial Planning and Landscape, 115. Council of Europe. pp. 35-44 En https:\/\/rm.coe.int\/national-symposium-integrated-approach-to-landscape-protection-plannin\/168094025<\/p>\n\n\n\n<p>6. Fern\u00e1ndez Cacho, S.; Arenillas Torrej\u00f3n, J.; Mond\u00e9jar Fern\u00e1ndez de Quincoces, P.; Ortiz Lozano, L.; Soro Ca\u00f1as, S. (2017): \u201cEvaluaci\u00f3n de la gesti\u00f3n y uso de la informaci\u00f3n de la Gu\u00eda Digital del Patrimonio Cultural de Andaluc\u00eda\u201d. Revista PH, 92. Instituto Andaluz del Patrimonio Hist\u00f3rico. Junta de Andaluc\u00eda. Pgs.: 146-16<\/p>\n\n\n\n<p>7. Acosta Bono, G.; Fern\u00e1ndez Cacho, S.; Fern\u00e1ndez-Baca Casares, R. (2017): \u201cEl Patrimonio Cultural en la Estrategia de Paisaje de Andaluc\u00eda\u201d e-rph. Revista Electr\u00f3nica de Patrimonio Hist\u00f3rico. Universidad de Granada. Pgs.: 104-138.<\/p>\n\n\n\n<p>8. Fern\u00e1ndez Cacho, S.; Carrera D\u00edaz, G.; Ortiz Lozano, L. (2017): \u201cOpen Information on Andalusian Cultural Heritage\u201d In Daniele Villa (coord.):&nbsp;<em>Open Data for Cultural Heritage. Place Based Digital Humanities between representation, design and innovation<\/em>. Planum Publisher. Roma-Milano.<\/p>\n\n\n\n<p>9. Fern\u00e1ndez Cacho, S.; Fern\u00e1ndez Salinas, V.; Rodrigo C\u00e1mara, J.M.; D\u00edaz Iglesias, J. M.; Dur\u00e1n Salado, I.; Santana Falc\u00f3n, I.; Cuevas Garc\u00eda, J.; Gonz\u00e1lez Sancho, B.; L\u00f3pez Mart\u00edn, E. (2015) \u201cBalance y perspectivas del Registro de Paisajes de Inter\u00e9s Cultural de Andaluc\u00eda\u201d Revista PH, 88. Instituto Andaluz del Patrimonio Hist\u00f3rico. Junta de Andaluc\u00eda. Pgs.:166-189<\/p>\n\n\n\n<p>10. Fern\u00e1ndez Cacho, S. y Villal\u00f3n Torres, D. (2009): \u201cFrom the Archaeological Heritage Inventories to the Historical Landscapes of Spain\u201d,&nbsp;<em>Actas del Simposio Listing Archaeological Sites: Protecting the Historical Landscape (T\u00e2rgoviste, Romania, March 6th-7th 2008)<\/em>, 29-39. Europae Archaeologiae Consilium.<\/p>\n\n\n\n<p>Otros perfiles<\/p>\n\n\n\n<p><a href=\"https:\/\/iaph.academia.edu\/SilviaFern%C3%A1ndezCacho\" target=\"_blank\" rel=\"noreferrer noopener\">&nbsp;Perfil en Academia.edu<\/a><\/p>\n","protected":false},"excerpt":{"rendered":"<p>Titulaci\u00f3n Doctora en Historia, Universidad de Sevilla. Biograf\u00eda Silvia Fern\u00e1ndez Cachocurs\u00f3 sus estudios de Geograf\u00eda e Historia en la Universidad [&hellip;]<\/p>\n","protected":false},"author":0,"featured_media":0,"parent":790,"menu_order":0,"comment_status":"closed","ping_status":"open","template":"","meta":{"_uag_custom_page_level_css":"","site-sidebar-layout":"default","site-content-layout":"","ast-site-content-layout":"default","site-content-style":"default","site-sidebar-style":"default","ast-global-header-display":"","ast-banner-title-visibility":"","ast-main-header-display":"","ast-hfb-above-header-display":"","ast-hfb-below-header-display":"","ast-hfb-mobile-header-display":"","site-post-title":"","ast-breadcrumbs-content":"","ast-featured-img":"","footer-sml-layout":"","theme-transparent-header-meta":"","adv-header-id-meta":"","stick-header-meta":"","header-above-stick-meta":"","header-main-stick-meta":"","header-below-stick-meta":"","astra-migrate-meta-layouts":"default","ast-page-background-enabled":"default","ast-page-background-meta":{"desktop":{"background-color":"var(--ast-global-color-5)","background-image":"","background-repeat":"repeat","background-position":"center center","background-size":"auto","background-attachment":"scroll","background-type":"","background-media":"","overlay-type":"","overlay-color":"","overlay-opacity":"","overlay-gradient":""},"tablet":{"background-color":"","background-image":"","background-repeat":"repeat","background-position":"center center","background-size":"auto","background-attachment":"scroll","background-type":"","background-media":"","overlay-type":"","overlay-color":"","overlay-opacity":"","overlay-gradient":""},"mobile":{"background-color":"","background-image":"","background-repeat":"repeat","background-position":"center center","background-size":"auto","background-attachment":"scroll","background-type":"","background-media":"","overlay-type":"","overlay-color":"","overlay-opacity":"","overlay-gradient":""}},"ast-content-background-meta":{"desktop":{"background-color":"var(--ast-global-color-4)","background-image":"","background-repeat":"repeat","background-position":"center center","background-size":"auto","background-attachment":"scroll","background-type":"","background-media":"","overlay-type":"","overlay-color":"","overlay-opacity":"","overlay-gradient":""},"tablet":{"background-color":"var(--ast-global-color-4)","background-image":"","background-repeat":"repeat","background-position":"center center","background-size":"auto","background-attachment":"scroll","background-type":"","background-media":"","overlay-type":"","overlay-color":"","overlay-opacity":"","overlay-gradient":""},"mobile":{"background-color":"var(--ast-global-color-4)","background-image":"","background-repeat":"repeat","background-position":"center center","background-size":"auto","background-attachment":"scroll","background-type":"","background-media":"","overlay-type":"","overlay-color":"","overlay-opacity":"","overlay-gradient":""}},"footnotes":""},"class_list":["post-904","page","type-page","status-publish","hentry"],"uagb_featured_image_src":{"full":false,"thumbnail":false,"medium":false,"medium_large":false,"large":false,"1536x1536":false,"2048x2048":false},"uagb_author_info":{"display_name":"","author_link":"https:\/\/grupo.us.es\/atlas\/index.php\/author\/"},"uagb_comment_info":0,"uagb_excerpt":"Titulaci\u00f3n Doctora en Historia, Universidad de Sevilla. Biograf\u00eda Silvia Fern\u00e1ndez Cachocurs\u00f3 sus estudios de Geograf\u00eda e Historia en la Universidad [&hellip;]","_links":{"self":[{"href":"https:\/\/grupo.us.es\/atlas\/index.php\/wp-json\/wp\/v2\/pages\/904","targetHints":{"allow":["GET"]}}],"collection":[{"href":"https:\/\/grupo.us.es\/atlas\/index.php\/wp-json\/wp\/v2\/pages"}],"about":[{"href":"https:\/\/grupo.us.es\/atlas\/index.php\/wp-json\/wp\/v2\/types\/page"}],"replies":[{"embeddable":true,"href":"https:\/\/grupo.us.es\/atlas\/index.php\/wp-json\/wp\/v2\/comments?post=904"}],"version-history":[{"count":2,"href":"https:\/\/grupo.us.es\/atlas\/index.php\/wp-json\/wp\/v2\/pages\/904\/revisions"}],"predecessor-version":[{"id":5420,"href":"https:\/\/grupo.us.es\/atlas\/index.php\/wp-json\/wp\/v2\/pages\/904\/revisions\/5420"}],"up":[{"embeddable":true,"href":"https:\/\/grupo.us.es\/atlas\/index.php\/wp-json\/wp\/v2\/pages\/790"}],"wp:attachment":[{"href":"https:\/\/grupo.us.es\/atlas\/index.php\/wp-json\/wp\/v2\/media?parent=904"}],"curies":[{"name":"wp","href":"https:\/\/api.w.org\/{rel}","templated":true}]}}