{"id":790,"date":"2013-05-09T12:46:13","date_gmt":"2013-05-09T12:46:13","guid":{"rendered":"http:\/\/grupo.us.es\/atlas\/?page_id=790"},"modified":"2026-01-22T13:34:07","modified_gmt":"2026-01-22T12:34:07","slug":"integrantes","status":"publish","type":"page","link":"https:\/\/grupo.us.es\/atlas\/index.php\/descripcion\/integrantes\/","title":{"rendered":"Integrantes"},"content":{"rendered":"\n<div class=\"wp-block-uagb-container uagb-block-04f613c6 alignfull uagb-is-root-container\"><div class=\"uagb-container-inner-blocks-wrap\">\n<div class=\"wp-block-cover\" style=\"min-height:350px;aspect-ratio:unset;\"><img loading=\"lazy\" decoding=\"async\" width=\"4272\" height=\"2848\" class=\"wp-block-cover__image-background wp-image-3965\" alt=\"\" src=\"https:\/\/grupo.us.es\/atlas\/wp-content\/uploads\/2024\/05\/Las-Capellanias.jpg\" data-object-fit=\"cover\"\/><span aria-hidden=\"true\" class=\"wp-block-cover__background has-background-dim\"><\/span><div class=\"wp-block-cover__inner-container is-layout-flow wp-block-cover-is-layout-flow\">\n<p class=\"has-text-align-center has-ast-global-color-4-color has-text-color has-link-color has-large-font-size wp-elements-5d67f7103ee1d0de529326cadc0de70e\">INTEGRANTES<\/p>\n<\/div><\/div>\n<\/div><\/div>\n\n\n\n<p><\/p>\n\n\n\n<div class=\"wp-block-uagb-team uagb-team__image-position-above uagb-team__align-center uagb-team__stack-tablet uagb-block-d0f060a4\"><div class=\"uagb-team__content\"><img decoding=\"async\" class=\"uagb-team__image-crop-normal\" src=\"https:\/\/grupo.us.es\/atlas\/wp-content\/uploads\/2025\/11\/da-150x150.jpg\" alt=\"\" height=\"100\" width=\"100\" loading=\"lazy\"\/><h3 class=\"uagb-team__title\"><a href=\"https:\/\/grupo.us.es\/atlas\/index.php\/daniel-barragan-mallofret\/\" data-type=\"page\" data-id=\"829\" target=\"_blank\" rel=\"noreferrer noopener\">Barrag\u00e1n Mallofret, Daniel<\/a><\/h3><span class=\"uagb-team__prefix\">Doctor en Geograf\u00eda e Historia, especialidad de Prehistoria y Arqueolog\u00eda. Universidad de Sevilla.<\/span><p class=\"uagb-team__desc\">Perfil en Academia.edu<\/p><ul class=\"uagb-team__social-list\"><\/ul><\/div><\/div>\n\n\n\n<div style=\"height:50px\" aria-hidden=\"true\" class=\"wp-block-spacer\"><\/div>\n\n\n\n<div class=\"wp-block-uagb-team uagb-team__image-position-above uagb-team__align-center uagb-team__stack-tablet uagb-block-78a5d1c7\"><div class=\"uagb-team__content\"><img decoding=\"async\" class=\"uagb-team__image-crop-normal\" src=\"https:\/\/grupo.us.es\/atlas\/wp-content\/uploads\/2013\/09\/manuel-costa-carame.jpg\" alt=\"\" height=\"100\" width=\"100\" loading=\"lazy\"\/><h3 class=\"uagb-team__title\"><a href=\"https:\/\/grupo.us.es\/atlas\/index.php\/descripcion\/integrantes\/manuel-eleazar-costa-carame\/\" data-type=\"page\" data-id=\"829\" target=\"_blank\" rel=\"noreferrer noopener\">Costa Caram\u00e9, Manuel Eleazar<\/a><\/h3><span class=\"uagb-team__prefix\">Doctor en Historia. Universidad de Sevilla. Atlas Arqueolog\u00eda y Patrimonio S.L.<\/span><p class=\"uagb-team__desc\"><a href=\"https:\/\/us.academia.edu\/ManuelEleazar\" target=\"_blank\" rel=\"noreferrer noopener\">Perfil en Academia.edu<\/a><\/p><ul class=\"uagb-team__social-list\"><\/ul><\/div><\/div>\n\n\n\n<div style=\"height:50px\" aria-hidden=\"true\" class=\"wp-block-spacer\"><\/div>\n\n\n\n<div class=\"wp-block-uagb-team uagb-team__image-position-above uagb-team__align-center uagb-team__stack-tablet uagb-block-0cc4b55b\"><div class=\"uagb-team__content\"><img decoding=\"async\" class=\"uagb-team__image-crop-normal\" src=\"https:\/\/grupo.us.es\/atlas\/wp-content\/uploads\/2025\/09\/foto_manuela1-150x150.jpg\" alt=\"\" height=\"100\" width=\"100\" loading=\"lazy\"\/><h3 class=\"uagb-team__title\"><a href=\"https:\/\/grupo.us.es\/atlas\/index.php\/manuela-espi-morales\/\">Esp\u00ed Morales, Manuela<\/a><\/h3><span class=\"uagb-team__prefix\">Grado en Historia por la Universidad de C\u00f3rdoba y M\u00e1ster en Arqueolog\u00eda por la Universidad de Sevilla y la Universidad de Granada.<\/span><p class=\"uagb-team__desc\"><a href=\"https:\/\/iaph.academia.edu\/SilviaFern%C3%A1ndezCacho\" target=\"_blank\" rel=\"noreferrer noopener\">Perfil en ORCID<\/a><\/p><ul class=\"uagb-team__social-list\"><\/ul><\/div><\/div>\n\n\n\n<div style=\"height:50px\" aria-hidden=\"true\" class=\"wp-block-spacer\"><\/div>\n\n\n\n<div class=\"wp-block-uagb-team uagb-team__image-position-above uagb-team__align-center uagb-team__stack-tablet uagb-block-8009bea9\"><div class=\"uagb-team__content\"><img decoding=\"async\" class=\"uagb-team__image-crop-normal\" src=\"https:\/\/grupo.us.es\/atlas\/wp-content\/uploads\/2023\/09\/FotoGrupoSFC.jpg\" alt=\"\" height=\"100\" width=\"100\" loading=\"lazy\"\/><h3 class=\"uagb-team__title\"><a href=\"https:\/\/grupo.us.es\/atlas\/index.php\/descripcion\/integrantes\/silvia-fernandez-cacho\/\" data-type=\"page\" data-id=\"904\" target=\"_blank\" rel=\"noreferrer noopener\">Fern\u00e1ndez Cacho, Silvia<\/a><\/h3><span class=\"uagb-team__prefix\">Doctora en Historia. Instituto Andaluz del Patrimonio Hist\u00f3rico. Consejer\u00eda de Cultura. Junta de Andaluc\u00eda.<\/span><p class=\"uagb-team__desc\"><a href=\"https:\/\/iaph.academia.edu\/SilviaFern%C3%A1ndezCacho\" target=\"_blank\" rel=\"noreferrer noopener\">Perfil en Academia.edu<\/a><\/p><ul class=\"uagb-team__social-list\"><\/ul><\/div><\/div>\n\n\n\n<div style=\"height:50px\" aria-hidden=\"true\" class=\"wp-block-spacer\"><\/div>\n\n\n\n<div class=\"wp-block-uagb-team uagb-team__image-position-above uagb-team__align-center uagb-team__stack-tablet uagb-block-58186a64\"><div class=\"uagb-team__content\"><img decoding=\"async\" class=\"uagb-team__image-crop-normal\" src=\"https:\/\/grupo.us.es\/atlas\/wp-content\/uploads\/2013\/08\/Garcia-Sanjuan.jpg\" alt=\"Leonardo Garc\u00eda Sanju\u00e1n\" height=\"100\" width=\"100\" loading=\"lazy\"\/><h3 class=\"uagb-team__title\"><a href=\"https:\/\/grupo.us.es\/atlas\/index.php\/descripcion\/integrantes\/leonardo-garcia-sanjuan\/\" data-type=\"page\" data-id=\"930\" target=\"_blank\" rel=\"noreferrer noopener\">Garc\u00eda Sanju\u00e1n, Leonardo<\/a><\/h3><span class=\"uagb-team__prefix\">Doctor en Historia. Catedr\u00e1tico. Departamento de Prehistoria y Arqueolog\u00eda. Universidad de Sevilla.<\/span><p class=\"uagb-team__desc\"><a href=\"https:\/\/us.academia.edu\/LeonardoGarc%C3%ADaSanju%C3%A1n\" target=\"_blank\" rel=\"noreferrer noopener\">Perfil en Academia.edu<\/a><\/p><ul class=\"uagb-team__social-list\"><\/ul><\/div><\/div>\n\n\n\n<div style=\"height:50px\" aria-hidden=\"true\" class=\"wp-block-spacer\"><\/div>\n\n\n\n<div class=\"wp-block-uagb-team uagb-team__image-position-above uagb-team__align-center uagb-team__stack-tablet uagb-block-f28cce19\"><div class=\"uagb-team__content\"><img decoding=\"async\" class=\"uagb-team__image-crop-normal\" src=\"https:\/\/grupo.us.es\/atlas\/wp-content\/uploads\/2020\/06\/laszlo.jpg\" alt=\"\" height=\"100\" width=\"100\" loading=\"lazy\"\/><h3 class=\"uagb-team__title\"><a href=\"https:\/\/grupo.us.es\/atlas\/index.php\/descripcion\/integrantes\/laszlo-halmos\/\" data-type=\"page\" data-id=\"2911\" target=\"_blank\" rel=\"noreferrer noopener\">Halmos, L\u00e1szl\u00f3<\/a><\/h3><span class=\"uagb-team__prefix\">Licenciado en Geolog\u00eda, Universidad de Szeged. M\u00e1ster en Arqueolog\u00eda, Universidad de Sevilla.<\/span><p class=\"uagb-team__desc\"><a href=\"https:\/\/us.academia.edu\/L%C3%A1szl%C3%B3Halmos\" target=\"_blank\" rel=\"noreferrer noopener\">Perfil en Academia.edu<\/a><\/p><ul class=\"uagb-team__social-list\"><\/ul><\/div><\/div>\n\n\n\n<div style=\"height:50px\" aria-hidden=\"true\" class=\"wp-block-spacer\"><\/div>\n\n\n\n<div class=\"wp-block-uagb-team uagb-team__image-position-above uagb-team__align-center uagb-team__stack-tablet uagb-block-1bf4ea20\"><div class=\"uagb-team__content\"><img decoding=\"async\" class=\"uagb-team__image-crop-normal\" src=\"https:\/\/grupo.us.es\/atlas\/wp-content\/uploads\/2013\/09\/mark-hunt.jpg\" alt=\"\" height=\"100\" width=\"100\" loading=\"lazy\"\/><h3 class=\"uagb-team__title\"><a href=\"https:\/\/grupo.us.es\/atlas\/index.php\/descripcion\/integrantes\/mark-hunt-ortiz\/\" data-type=\"page\" data-id=\"942\" target=\"_blank\" rel=\"noreferrer noopener\">Hunt Ortiz, Mark<\/a><\/h3><span class=\"uagb-team__prefix\">Doctor en Historia. Profesor Titular, Departamento de Prehistoria y Arqueolog\u00eda. Universidad de Sevilla.<\/span><p class=\"uagb-team__desc\"><a href=\"https:\/\/us.academia.edu\/markHuntOrtiz\" target=\"_blank\" rel=\"noreferrer noopener\">Perfil en Academia.edu<\/a><\/p><ul class=\"uagb-team__social-list\"><\/ul><\/div><\/div>\n\n\n\n<div style=\"height:50px\" aria-hidden=\"true\" class=\"wp-block-spacer\"><\/div>\n\n\n\n<div class=\"wp-block-uagb-team uagb-team__image-position-above uagb-team__align-center uagb-team__stack-tablet uagb-block-87edb0b0\"><div class=\"uagb-team__content\"><img decoding=\"async\" class=\"uagb-team__image-crop-normal\" src=\"https:\/\/grupo.us.es\/atlas\/wp-content\/uploads\/2013\/08\/Hurtado.jpg\" alt=\"V\u00edctor Hurtado P\u00e9rez\" height=\"100\" width=\"100\" loading=\"lazy\"\/><h3 class=\"uagb-team__title\"><a href=\"https:\/\/grupo.us.es\/atlas\/index.php\/descripcion\/integrantes\/victor-hurtado-perez\/\" data-type=\"page\" data-id=\"947\" target=\"_blank\" rel=\"noreferrer noopener\">Hurtado P\u00e9rez, V\u00edctor (1950-2024)<\/a><\/h3><span class=\"uagb-team__prefix\">Doctor en Historia. Profesor Titular. Departamento de Prehistoria y Arqueolog\u00eda. Universidad de Sevilla.<\/span><p class=\"uagb-team__desc\"><a href=\"https:\/\/us.academia.edu\/V%C3%ADctorManuelHurtadoP%C3%A9rez\" target=\"_blank\" rel=\"noreferrer noopener\">Perfil en Academia.edu<\/a><\/p><ul class=\"uagb-team__social-list\"><\/ul><\/div><\/div>\n\n\n\n<div style=\"height:50px\" aria-hidden=\"true\" class=\"wp-block-spacer\"><\/div>\n\n\n\n<div class=\"wp-block-uagb-team uagb-team__image-position-above uagb-team__align-center uagb-team__stack-tablet uagb-block-ac6fffee\"><div class=\"uagb-team__content\"><img decoding=\"async\" class=\"uagb-team__image-crop-normal\" src=\"https:\/\/grupo.us.es\/atlas\/wp-content\/uploads\/2025\/08\/Diseno-sin-titulo-1-150x150-1.jpg\" alt=\"\" height=\"100\" width=\"100\" loading=\"lazy\"\/><h3 class=\"uagb-team__title\"><a href=\"https:\/\/grupo.us.es\/atlas\/index.php\/aline-lara-galicia\/\" data-type=\"page\" data-id=\"3043\" target=\"_blank\" rel=\"noreferrer noopener\">\u00a0\u00a0Lara\u00a0Galicia, Aline<\/a><\/h3><span class=\"uagb-team__prefix\">Doctora en Arqueolog\u00eda, Escuela Nacional de Antropolog\u00eda e Historia.<br><a href=\"https:\/\/redrupestreiberoam.wixsite.com\/reiimar\/projects-3\" target=\"_blank\" rel=\"noreferrer noopener\">Perfil Red Iberoamericana en Investigaci\u00f3n en Manifestaciones Rupestres\u00a0<\/a><\/span><p class=\"uagb-team__desc\"><a href=\"https:\/\/us.academia.edu\/AlineLaraGalicia\" target=\"_blank\" rel=\"noreferrer noopener\">Perfil en Academia.edu<\/a><\/p><ul class=\"uagb-team__social-list\"><\/ul><\/div><\/div>\n\n\n\n<div style=\"height:50px\" aria-hidden=\"true\" class=\"wp-block-spacer\"><\/div>\n\n\n\n<div class=\"wp-block-uagb-team uagb-team__image-position-above uagb-team__align-center uagb-team__stack-tablet uagb-block-a03ffd22\"><div class=\"uagb-team__content\"><img decoding=\"async\" class=\"uagb-team__image-crop-square\" src=\"https:\/\/grupo.us.es\/atlas\/wp-content\/uploads\/2023\/11\/Pina-Lo\u0301pez-Torres.jpg\" alt=\"\" height=\"100\" width=\"100\" loading=\"lazy\"\/><h3 class=\"uagb-team__title\"><a href=\"https:\/\/grupo.us.es\/atlas\/index.php\/descripcion\/integrantes\/pina-lopez-torres\/\" data-type=\"page\" data-id=\"2887\" target=\"_blank\" rel=\"noreferrer noopener\">\u00a0L\u00f3pez Torres, Pina<\/a><\/h3><span class=\"uagb-team__prefix\">Licenciada en Geograf\u00eda e Historia, secci\u00f3n Historia del Arte. Universidad de Sevilla.<\/span><p class=\"uagb-team__desc\"><a href=\"https:\/\/independent.academia.edu\/PinaL%C3%B3pezTorres\" target=\"_blank\" rel=\"noreferrer noopener\">Perfil en Academia.edu<\/a><\/p><ul class=\"uagb-team__social-list\"><\/ul><\/div><\/div>\n\n\n\n<div style=\"height:50px\" aria-hidden=\"true\" class=\"wp-block-spacer\"><\/div>\n\n\n\n<div class=\"wp-block-uagb-team uagb-team__image-position-above uagb-team__align-center uagb-team__stack-tablet uagb-block-33cf2645\"><div class=\"uagb-team__content\"><img decoding=\"async\" class=\"uagb-team__image-crop-square\" src=\"https:\/\/grupo.us.es\/atlas\/wp-content\/uploads\/2023\/11\/JA.-Lozano.jpg\" alt=\"\" height=\"100\" width=\"100\" loading=\"lazy\"\/><h3 class=\"uagb-team__title\"><a href=\"https:\/\/grupo.us.es\/atlas\/index.php\/descripcion\/integrantes\/jose-antonio-lozano\/\" data-type=\"page\" data-id=\"2869\" target=\"_blank\" rel=\"noreferrer noopener\">Lozano Rodr\u00edguez, Jose Antonio<\/a><\/h3><span class=\"uagb-team__prefix\">Doctor en Ciencias de la Tierra,\u00a0Universidad de Granada.<\/span><p class=\"uagb-team__desc\"><a href=\"https:\/\/csic.academia.edu\/Jos%C3%A9AntonioLozanoRodr%C3%ADguez\" target=\"_blank\" rel=\"noreferrer noopener\">Perfil en Academia.edu<\/a><\/p><ul class=\"uagb-team__social-list\"><\/ul><\/div><\/div>\n\n\n\n<div style=\"height:50px\" aria-hidden=\"true\" class=\"wp-block-spacer\"><\/div>\n\n\n\n<div class=\"wp-block-uagb-team uagb-team__image-position-above uagb-team__align-center uagb-team__stack-tablet uagb-block-f5157b16\"><div class=\"uagb-team__content\"><img decoding=\"async\" class=\"uagb-team__image-crop-normal\" src=\"https:\/\/grupo.us.es\/atlas\/wp-content\/uploads\/2020\/06\/Foto-raquel.jpg\" alt=\"\" height=\"100\" width=\"100\" loading=\"lazy\"\/><h3 class=\"uagb-team__title\"><a href=\"https:\/\/grupo.us.es\/atlas\/index.php\/descripcion\/integrantes\/raquel-montero-artus\/\" data-type=\"page\" data-id=\"2905\" target=\"_blank\" rel=\"noreferrer noopener\">Montero Art\u00fas, Raquel\u00a0<\/a><\/h3><span class=\"uagb-team__prefix\">Licenciada en Ciencias Qu\u00edmicas y M\u00e1ster en Arqueolog\u00eda. Universidad de Sevilla.<\/span><p class=\"uagb-team__desc\"><a href=\"https:\/\/us.academia.edu\/RaquelMonteroArt%C3%BAs\" target=\"_blank\" rel=\"noreferrer noopener\">Perfil en Academia.edu<\/a><\/p><ul class=\"uagb-team__social-list\"><\/ul><\/div><\/div>\n\n\n\n<div style=\"height:50px\" aria-hidden=\"true\" class=\"wp-block-spacer\"><\/div>\n\n\n\n<div class=\"wp-block-uagb-team uagb-team__image-position-above uagb-team__align-center uagb-team__stack-tablet uagb-block-463c643b\"><div class=\"uagb-team__content\"><img decoding=\"async\" class=\"uagb-team__image-crop-normal\" src=\"https:\/\/grupo.us.es\/atlas\/wp-content\/uploads\/2025\/09\/1757848118571-150x150.jpg\" alt=\"\" height=\"100\" width=\"100\" loading=\"lazy\"\/><h3 class=\"uagb-team__title\"><a href=\"https:\/\/grupo.us.es\/atlas\/index.php\/5507-2\/\" data-type=\"page\" data-id=\"2905\" target=\"_blank\" rel=\"noreferrer noopener\">Praena Garc\u00eda, Judit<\/a><\/h3><span class=\"uagb-team__prefix\">M\u00e1ster en Arqueolog\u00eda. Universidad de Granada.<\/span><p class=\"uagb-team__desc\"><a href=\"https:\/\/us.academia.edu\/JuditPraenaGarc%C3%ADa\" target=\"_blank\" rel=\"noreferrer noopener\">Perfil en Academia.edu<\/a><\/p><ul class=\"uagb-team__social-list\"><\/ul><\/div><\/div>\n\n\n\n<div style=\"height:50px\" aria-hidden=\"true\" class=\"wp-block-spacer\"><\/div>\n\n\n\n<div class=\"wp-block-uagb-team uagb-team__image-position-above uagb-team__align-center uagb-team__stack-tablet uagb-block-5c97f97b\"><div class=\"uagb-team__content\"><img decoding=\"async\" class=\"uagb-team__image-crop-normal\" src=\"https:\/\/grupo.us.es\/atlas\/wp-content\/uploads\/2020\/06\/R.Rojas_.jpg\" alt=\"\" height=\"100\" width=\"100\" loading=\"lazy\"\/><h3 class=\"uagb-team__title\"><a href=\"https:\/\/grupo.us.es\/atlas\/index.php\/descripcion\/integrantes\/rocio-rojas-gutierrez\/\" data-type=\"page\" data-id=\"2897\" target=\"_blank\" rel=\"noreferrer noopener\">Rojas Guti\u00e9rrez, M\u00aa Roc\u00edo<\/a><\/h3><span class=\"uagb-team__prefix\">Doctora en Arqueolog\u00eda. Universidad de Sevilla.<\/span><p class=\"uagb-team__desc\"><a href=\"https:\/\/us.academia.edu\/M%C2%AARoc%C3%ADoRojasGuti%C3%A9rrez\" target=\"_blank\" rel=\"noreferrer noopener\">Perfil en Academia.edu<\/a><\/p><ul class=\"uagb-team__social-list\"><\/ul><\/div><\/div>\n\n\n\n<div style=\"height:50px\" aria-hidden=\"true\" class=\"wp-block-spacer\"><\/div>\n\n\n\n<div class=\"wp-block-uagb-team uagb-team__image-position-above uagb-team__align-center uagb-team__stack-tablet uagb-block-d88c289b\"><div class=\"uagb-team__content\"><img decoding=\"async\" class=\"uagb-team__image-crop-normal\" src=\"https:\/\/grupo.us.es\/atlas\/wp-content\/uploads\/2025\/08\/CV-150x150-1.png\" alt=\"\" height=\"100\" width=\"100\" loading=\"lazy\"\/><h3 class=\"uagb-team__title\"><a href=\"https:\/\/grupo.us.es\/atlas\/index.php\/jose-ruiz-flores\/\" data-type=\"page\" data-id=\"3626\" target=\"_blank\" rel=\"noreferrer noopener\">Ruiz Flores, Jos\u00e9<\/a><\/h3><span class=\"uagb-team__prefix\">Licenciado en Arqueolog\u00eda. Universidad de Sevilla.<\/span><p class=\"uagb-team__desc\"><a href=\"https:\/\/unige.academia.edu\/Jos%C3%A9RuizFlores\" target=\"_blank\" rel=\"noreferrer noopener\">Perfil en Academia.edu<\/a><\/p><ul class=\"uagb-team__social-list\"><\/ul><\/div><\/div>\n\n\n\n<div style=\"height:50px\" aria-hidden=\"true\" class=\"wp-block-spacer\"><\/div>\n\n\n\n<div class=\"wp-block-uagb-team uagb-team__image-position-above uagb-team__align-center uagb-team__stack-tablet uagb-block-1aa22d95\"><div class=\"uagb-team__content\"><img decoding=\"async\" class=\"uagb-team__image-crop-normal\" src=\"https:\/\/grupo.us.es\/atlas\/wp-content\/uploads\/2026\/01\/Kiko2025-150x150.jpg\" alt=\"\" height=\"100\" width=\"100\" loading=\"lazy\"\/><h3 class=\"uagb-team__title\"><a href=\"https:\/\/grupo.us.es\/atlas\/index.php\/descripcion\/integrantes\/francisco-jose-sanchez-diaz\/\" data-type=\"page\" data-id=\"957\" target=\"_blank\" rel=\"noreferrer noopener\">S\u00e1nchez D\u00edaz, Francisco Jos\u00e9<\/a><\/h3><span class=\"uagb-team__prefix\">Licenciado en Geograf\u00eda e Historia. Universidad de Sevilla.<\/span><p class=\"uagb-team__desc\"><a href=\"https:\/\/orcid.org\/0000-0001-6277-8799\" target=\"_blank\" rel=\"noreferrer noopener\">Perfil en ORCID<\/a><\/p><ul class=\"uagb-team__social-list\"><\/ul><\/div><\/div>\n\n\n\n<div style=\"height:50px\" aria-hidden=\"true\" class=\"wp-block-spacer\"><\/div>\n\n\n\n<div class=\"wp-block-uagb-team uagb-team__image-position-above uagb-team__align-center uagb-team__stack-tablet uagb-block-bda8a4e3\"><div class=\"uagb-team__content\"><img decoding=\"async\" class=\"uagb-team__image-crop-normal\" src=\"https:\/\/grupo.us.es\/atlas\/wp-content\/uploads\/2015\/01\/Olga.jpg\" alt=\"\" height=\"100\" width=\"100\" loading=\"lazy\"\/><h3 class=\"uagb-team__title\"><a href=\"https:\/\/grupo.us.es\/atlas\/index.php\/descripcion\/integrantes\/olga-sanchez-liranzo\/\" data-type=\"page\" data-id=\"1475\" target=\"_blank\" rel=\"noreferrer noopener\">S\u00e1nchez Liranzo, Olga<\/a><\/h3><span class=\"uagb-team__prefix\">Doctora en Historia, Universidad de Sevilla.<\/span><p class=\"uagb-team__desc\"><a href=\"https:\/\/us.academia.edu\/OlgaS%C3%A1nchezLiranzo\" target=\"_blank\" rel=\"noreferrer noopener\">Perfil en Academia.edu<\/a><\/p><ul class=\"uagb-team__social-list\"><\/ul><\/div><\/div>\n\n\n\n<div style=\"height:50px\" aria-hidden=\"true\" class=\"wp-block-spacer\"><\/div>\n\n\n\n<div class=\"wp-block-uagb-team uagb-team__image-position-above uagb-team__align-center uagb-team__stack-tablet uagb-block-bac8c82b\"><div class=\"uagb-team__content\"><img decoding=\"async\" class=\"uagb-team__image-crop-normal\" src=\"https:\/\/grupo.us.es\/atlas\/wp-content\/uploads\/2025\/08\/sotelo.jpg\" alt=\"\" height=\"100\" width=\"100\" loading=\"lazy\"\/><h3 class=\"uagb-team__title\"><a href=\"https:\/\/grupo.us.es\/atlas\/index.php\/descripcion\/integrantes\/moira-sotelo-rico\/\" data-type=\"page\" data-id=\"2374\" target=\"_blank\" rel=\"noreferrer noopener\">Sotelo Rico, Moira<\/a><\/h3><span class=\"uagb-team__prefix\">Licenciada en Ciencias Antropol\u00f3gicas ,Universidad de la Rep\u00fablica (Uruguay). M\u00e1ster y doctorado en Arqueolog\u00eda. Universidad de Sevilla.<\/span><p class=\"uagb-team__desc\"><a href=\"https:\/\/independent.academia.edu\/MoiraSotelo\" target=\"_blank\" rel=\"noreferrer noopener\">Perfil en Academia.edu<\/a><\/p><ul class=\"uagb-team__social-list\"><\/ul><\/div><\/div>\n\n\n\n<div style=\"height:50px\" aria-hidden=\"true\" class=\"wp-block-spacer\"><\/div>\n\n\n\n<div class=\"wp-block-uagb-team uagb-team__image-position-above uagb-team__align-center uagb-team__stack-tablet uagb-block-0dd343f0\"><div class=\"uagb-team__content\"><img decoding=\"async\" class=\"uagb-team__image-crop-normal\" src=\"https:\/\/grupo.us.es\/atlas\/wp-content\/uploads\/2025\/08\/juan-vargas.jpg\" alt=\"\" height=\"100\" width=\"100\" loading=\"lazy\"\/><h3 class=\"uagb-team__title\"><a href=\"https:\/\/grupo.us.es\/atlas\/index.php\/juan-manuel-vargas-jimenez\/\" data-type=\"page\" data-id=\"4118\" target=\"_blank\" rel=\"noreferrer noopener\">Vargas Jim\u00e9nez, Juan Manuel<\/a><\/h3><span class=\"uagb-team__prefix\">Doctor en Historia,\u00a0Museo de Valencina. Ayuntamiento de Valencina de la Concepci\u00f3n.<\/span><p class=\"uagb-team__desc\"><a href=\"https:\/\/xn--valencinadelaconcepcin-ggc.academia.edu\/JuanManuelVargasJim%C3%A9nez\" target=\"_blank\" rel=\"noreferrer noopener\">Perfil en Academia.edu<\/a><\/p><ul class=\"uagb-team__social-list\"><\/ul><\/div><\/div>\n\n\n\n<div style=\"height:50px\" aria-hidden=\"true\" class=\"wp-block-spacer\"><\/div>\n\n\n\n<div class=\"wp-block-uagb-team uagb-team__image-position-above uagb-team__align-center uagb-team__stack-tablet uagb-block-4e3822ac\"><div class=\"uagb-team__content\"><img decoding=\"async\" class=\"uagb-team__image-crop-normal\" src=\"https:\/\/grupo.us.es\/atlas\/wp-content\/uploads\/2022\/11\/jacobo-foto.jpg\" alt=\"\" height=\"100\" width=\"100\" loading=\"lazy\"\/><h3 class=\"uagb-team__title\"><a href=\"https:\/\/grupo.us.es\/atlas\/index.php\/descripcion\/integrantes\/jacobovazquez\/\" data-type=\"page\" data-id=\"2852\" target=\"_blank\" rel=\"noreferrer noopener\">V\u00e1zquez Paz, Jacobo<\/a><\/h3><span class=\"uagb-team__prefix\">Licenciado en Historia, especialidad de Arqueolog\u00eda. Universidad de Sevilla.<\/span><p class=\"uagb-team__desc\"><a href=\"https:\/\/us.academia.edu\/JacoboV%C3%A1zquezPaz\" target=\"_blank\" rel=\"noreferrer noopener\">Perfil en Academia.edu<\/a><\/p><ul class=\"uagb-team__social-list\"><\/ul><\/div><\/div>\n\n\n\n<div style=\"height:50px\" aria-hidden=\"true\" class=\"wp-block-spacer\"><\/div>\n","protected":false},"excerpt":{"rendered":"","protected":false},"author":1,"featured_media":0,"parent":373,"menu_order":0,"comment_status":"closed","ping_status":"open","template":"","meta":{"_uag_custom_page_level_css":"","site-sidebar-layout":"default","site-content-layout":"","ast-site-content-layout":"default","site-content-style":"default","site-sidebar-style":"default","ast-global-header-display":"","ast-banner-title-visibility":"","ast-main-header-display":"","ast-hfb-above-header-display":"","ast-hfb-below-header-display":"","ast-hfb-mobile-header-display":"","site-post-title":"disabled","ast-breadcrumbs-content":"","ast-featured-img":"","footer-sml-layout":"","theme-transparent-header-meta":"default","adv-header-id-meta":"","stick-header-meta":"","header-above-stick-meta":"","header-main-stick-meta":"","header-below-stick-meta":"","astra-migrate-meta-layouts":"set","ast-page-background-enabled":"default","ast-page-background-meta":{"desktop":{"background-color":"var(--ast-global-color-5)","background-image":"","background-repeat":"repeat","background-position":"center center","background-size":"auto","background-attachment":"scroll","background-type":"","background-media":"","overlay-type":"","overlay-color":"","overlay-opacity":"","overlay-gradient":""},"tablet":{"background-color":"","background-image":"","background-repeat":"repeat","background-position":"center center","background-size":"auto","background-attachment":"scroll","background-type":"","background-media":"","overlay-type":"","overlay-color":"","overlay-opacity":"","overlay-gradient":""},"mobile":{"background-color":"","background-image":"","background-repeat":"repeat","background-position":"center center","background-size":"auto","background-attachment":"scroll","background-type":"","background-media":"","overlay-type":"","overlay-color":"","overlay-opacity":"","overlay-gradient":""}},"ast-content-background-meta":{"desktop":{"background-color":"var(--ast-global-color-4)","background-image":"","background-repeat":"repeat","background-position":"center center","background-size":"auto","background-attachment":"scroll","background-type":"","background-media":"","overlay-type":"","overlay-color":"","overlay-opacity":"","overlay-gradient":""},"tablet":{"background-color":"var(--ast-global-color-4)","background-image":"","background-repeat":"repeat","background-position":"center center","background-size":"auto","background-attachment":"scroll","background-type":"","background-media":"","overlay-type":"","overlay-color":"","overlay-opacity":"","overlay-gradient":""},"mobile":{"background-color":"var(--ast-global-color-4)","background-image":"","background-repeat":"repeat","background-position":"center center","background-size":"auto","background-attachment":"scroll","background-type":"","background-media":"","overlay-type":"","overlay-color":"","overlay-opacity":"","overlay-gradient":""}},"footnotes":""},"class_list":["post-790","page","type-page","status-publish","hentry"],"uagb_featured_image_src":{"full":false,"thumbnail":false,"medium":false,"medium_large":false,"large":false,"1536x1536":false,"2048x2048":false},"uagb_author_info":{"display_name":"adminATLAS","author_link":"https:\/\/grupo.us.es\/atlas\/index.php\/author\/adminatlas\/"},"uagb_comment_info":0,"uagb_excerpt":null,"_links":{"self":[{"href":"https:\/\/grupo.us.es\/atlas\/index.php\/wp-json\/wp\/v2\/pages\/790","targetHints":{"allow":["GET"]}}],"collection":[{"href":"https:\/\/grupo.us.es\/atlas\/index.php\/wp-json\/wp\/v2\/pages"}],"about":[{"href":"https:\/\/grupo.us.es\/atlas\/index.php\/wp-json\/wp\/v2\/types\/page"}],"author":[{"embeddable":true,"href":"https:\/\/grupo.us.es\/atlas\/index.php\/wp-json\/wp\/v2\/users\/1"}],"replies":[{"embeddable":true,"href":"https:\/\/grupo.us.es\/atlas\/index.php\/wp-json\/wp\/v2\/comments?post=790"}],"version-history":[{"count":56,"href":"https:\/\/grupo.us.es\/atlas\/index.php\/wp-json\/wp\/v2\/pages\/790\/revisions"}],"predecessor-version":[{"id":5631,"href":"https:\/\/grupo.us.es\/atlas\/index.php\/wp-json\/wp\/v2\/pages\/790\/revisions\/5631"}],"up":[{"embeddable":true,"href":"https:\/\/grupo.us.es\/atlas\/index.php\/wp-json\/wp\/v2\/pages\/373"}],"wp:attachment":[{"href":"https:\/\/grupo.us.es\/atlas\/index.php\/wp-json\/wp\/v2\/media?parent=790"}],"curies":[{"name":"wp","href":"https:\/\/api.w.org\/{rel}","templated":true}]}}