{"id":3516,"date":"2022-10-01T11:00:50","date_gmt":"2022-10-01T11:00:50","guid":{"rendered":"http:\/\/grupo.us.es\/atlas\/?page_id=3516"},"modified":"2025-09-29T10:47:21","modified_gmt":"2025-09-29T08:47:21","slug":"difusion-de-investigacion","status":"publish","type":"page","link":"https:\/\/grupo.us.es\/atlas\/index.php\/difusion-de-investigacion\/","title":{"rendered":"Transferencia de Conocimiento"},"content":{"rendered":"<p><a href=\"https:\/\/grupo.us.es\/atlas\/wp-content\/uploads\/2022\/10\/Captura-de-Pantalla-2022-10-01-a-las-13.28.34.png\"><img loading=\"lazy\" decoding=\"async\" class=\"aligncenter size-large wp-image-3533\" src=\"https:\/\/grupo.us.es\/atlas\/wp-content\/uploads\/2022\/10\/Captura-de-Pantalla-2022-10-01-a-las-13.28.34-1024x245.png\" alt=\"Captura de Pantalla 2022-10-01 a las 13.28.34\" width=\"960\" height=\"229\" \/><\/a><\/p>\n<p>&nbsp;<\/p>\n<p><strong>2025<\/strong><\/p>\n<p><span data-olk-copy-source=\"MessageBody\">Reportaje sobre el <a href=\"https:\/\/elpais.com\/ciencia\/2025-09-29\/un-cambio-climatico-remato-hace-4300-anos-la-cultura-de-los-megasitios.html\"><strong>Colapso de los megasitios de la Edad del Cobre en la pen\u00ednsula ib\u00e9rica<\/strong><\/a>. Diario El Pa\u00eds.<\/span><\/p>\n<p><strong>2023<\/strong><\/p>\n<p><strong><a href=\"https:\/\/www.canaveraldeleon.es\/es\/\">Acto de presentaci\u00f3n de la nueva Estela Diademada. Ca\u00f1averal de Le\u00f3n.<\/a>\u00a0<\/strong>6 de octubre 2023, 11h Teatro municipal. Ca\u00f1averal.<\/p>\n<div><strong><a href=\"https:\/\/www.jerez.es\/webs-municipales\/museo-arqueologico\">\u00cddolos oculados: Cosmovisi\u00f3n y ritualidad en el Neol\u00edtico<\/a>.<\/strong> El 28 de octubre a las 12h. Museo Arqueol\u00f3gico de Jerez.<\/div>\n<div><\/div>\n<div><strong style=\"color: #000000;\"><a href=\"https:\/\/www.youtube.com\/watch?v=HfiFAf4DL4k\">La Se\u00f1ora de Marfil del Mega-Sitio de la Edad del Cobre de Valencina<\/a>.<\/strong> 25 de mayo.\u00a0Museo Arqueol\u00f3gico Nacional (Madrid).\u00a0 Marta Cintas Pe\u00f1a y Leonardo Garc\u00eda Sanju\u00e1n.<\/div>\n<p><strong><a id=\"LPNoLPOWALinkPreview\" href=\"https:\/\/www.youtube.com\/watch?v=HfiFAf4DL4k\" target=\"_blank\" rel=\"noopener noreferrer\" data-auth=\"NotApplicable\" data-linkindex=\"0\">5400 year old tomb discovered in Spain .<\/a><a href=\"https:\/\/www.youtube.com\/watch?v=HfiFAf4DL4k\" target=\"_blank\" rel=\"noopener\">\u00a0<\/a>Nota de Live Science<\/strong><\/p>\n<div><strong><a href=\" https:\/\/historia.nationalgeographic.com.es\/a\/descubren-tumba-megalitica-yacimiento-piedras-blancas-cerca-antequera_1955\" target=\"_blank\" rel=\"noopener\">Descubren tumba megal\u00edtica en el yacimiento de Piedras Blancas cerca de Antequera<\/a><\/strong>. <strong>Nota de National Geographic<\/strong><\/div>\n<p><strong><a href=\"https:\/\/elpais.com\/cultura\/2023-04-15\/la-montana-de-antequera-que-fue-mas-importante-que-el-sol.html\" target=\"_blank\" rel=\"noopener\">La monta\u00f1a de Antequera que fue m\u00e1s importante que el Sol<\/a><\/strong>. <strong>Nota en el peri\u00f3dico El Pa\u00eds<\/strong><\/p>\n<p><strong><a href=\"https:\/\/radio.us.es\/programa\/de-libros\/\">\u00a0De Libros. Episodio 4\u00d709. Dolmen de Menga<\/a>. Programa de Radio de la Universidad de Sevilla<\/strong><\/p>\n<p><strong><a href=\"https:\/\/cafeconciencia.fundaciondescubre.es\/encuentra-tu-cafe\/dia-de-la-mujer-y-la-nina-en-la-ciencia-universidad-de-sevilla-2\/\">Caf\u00e9 con cient\u00edficas \u00abEl pasado puede resolver problemas del futuro<\/a><\/strong>\u00ab. <strong>Charla para estudiantes de bachillerato<\/strong><\/p>\n<p><strong>2022<\/strong><\/p>\n<p><strong><a href=\"https:\/\/cafeconciencia.fundaciondescubre.es\/encuentra-tu-cafe\/dia-de-la-mujer-y-la-nina-en-la-ciencia-universidad-de-sevilla-2\/\">Caf\u00e9 con cient\u00edficas \u00abEl pasado puede resolver problemas del futuro<\/a><\/strong>\u00ab. Charla para estudiantes de bachillerato<\/p>\n<p><strong><a href=\"https:\/\/twitter.com\/AytoAntequera\/status\/1621221156559720449\/photo\/1\">Dolmen de Menga. Intervenci\u00f3n de 2005-2006<\/a>.<\/strong>\u00a0Presentaci\u00f3n del libro en el Museo Municipal de Antequera. Obra por\u00a0de Leonardo Garc\u00eda Sanju\u00e1n<\/p>\n<p><strong><a href=\"https:\/\/youtu.be\/fiz7Msx9TVQ\">Ciencia en la Mochila<\/a>.<\/strong> Charla acerca de la Prehistoria y la Arqueolog\u00eda para alumnos del PAI del Colegio San Francisco de Paula, Sevilla.<\/p>\n<p><strong><a href=\"https:\/\/www.valencinadelaconcepcion.es\/es\/actualidad\/noticias\/XVI-JORNADAS-DE-DIFUSION-ARQUEOLOGICA\/?urlBack=\/es\/index.html\" target=\"_blank\" rel=\"noopener\">XVI Jornadas de difusi\u00f3n Arqueol\u00f3gica<\/a><\/strong>.\u00a0\u00a0Presentaci\u00f3n del libro: El tholos de La Pastora, un monumento megal\u00edtico singular del yacimiento prehist\u00f3rico de Valencina. Arquitectura, geoarqueolog\u00eda y contexto.\u00a0\u00a0Presentaci\u00f3n del autor y la obra por\u00a0 Leonardo Garc\u00eda Sanju\u00e1n.<\/p>\n<p><strong><a href=\"https:\/\/theconversation.com\/el-arte-rupestre-un-libro-abierto-sobre-el-cambio-climatico-191478\" target=\"_blank\" rel=\"noopener\">El arte rupestre, un libro abierto sobre el cambio\u00a0clim\u00e1tico<\/a>.<\/strong>\u00a0The Conversation. Aline Lara Galicia<\/p>\n<p>&nbsp;<\/p>\n<p><strong>2021<\/strong><\/p>\n<p><strong><a href=\"https:\/\/www.youtube.com\/watch?v=UeeXaeVrvNs\" target=\"_blank\" rel=\"noopener\">El Dolmen de Menga. \u00daltimas Investigaciones en un Gigante de la Prehistoria<\/a>.<\/strong>\u00a03 de junio de 2021, Museo Arqueol\u00f3gico Nacional (Madrid).\u00a0Leonardo Garc\u00eda Sanju\u00e1n.<\/p>\n<p><strong><a href=\"https:\/\/www.youtube.com\/watch?v=yMSWtgpx_Ag\" target=\"_blank\" rel=\"noopener\">Las Grandes Piedras de la Prehistoria<\/a>. <\/strong>Colegio Nacional de M\u00e9xico, 25 de febrero de 2021. Leonardo Garc\u00eda Sanju\u00e1n.<\/p>\n<p>&nbsp;<\/p>\n<p><strong>2019<\/strong><\/p>\n<address><em><strong><a href=\"https:\/\/theconversation.com\/los-antecedentes-neoliticos-de-la-desigualdad-de-genero-118736\" target=\"_blank\" rel=\"noopener\">Los antecedentes neol\u00edticos de la desigualdad de\u00a0g\u00e9nero<\/a><\/strong>. T<\/em>he Conversation. Marta Cintas-Pe\u00f1a<\/address>\n<address><strong><a href=\"https:\/\/theconversation.com\/quien-ejercia-los-cuidados-en-la-prehistoria-112452\">\u00bfQui\u00e9n ejerc\u00eda los cuidados en la\u00a0Prehistoria?<\/a><\/strong>\u00a0The Conversation. Marta Cintas-Pe\u00f1a<\/address>\n<p><strong><a href=\"https:\/\/www.youtube.com\/watch?v=451OGEiOrYU\">Nuevas Investigaciones en los Grandes Megalitos Ib\u00e9ricos<\/a><\/strong>, 11 de abril de 2019, Museo Arqueol\u00f3gico Nacional (Madrid).\u00a0Leonardo Garc\u00eda Sanju\u00e1n.<\/p>\n","protected":false},"excerpt":{"rendered":"<p>&nbsp; 2025 Reportaje sobre el Colapso de los megasitios de la Edad del Cobre en la pen\u00ednsula ib\u00e9rica. Diario El [&hellip;]<\/p>\n","protected":false},"author":1,"featured_media":0,"parent":0,"menu_order":0,"comment_status":"closed","ping_status":"closed","template":"","meta":{"_uag_custom_page_level_css":"","site-sidebar-layout":"default","site-content-layout":"","ast-site-content-layout":"default","site-content-style":"default","site-sidebar-style":"default","ast-global-header-display":"","ast-banner-title-visibility":"","ast-main-header-display":"","ast-hfb-above-header-display":"","ast-hfb-below-header-display":"","ast-hfb-mobile-header-display":"","site-post-title":"","ast-breadcrumbs-content":"","ast-featured-img":"","footer-sml-layout":"","theme-transparent-header-meta":"default","adv-header-id-meta":"","stick-header-meta":"","header-above-stick-meta":"","header-main-stick-meta":"","header-below-stick-meta":"","astra-migrate-meta-layouts":"set","ast-page-background-enabled":"default","ast-page-background-meta":{"desktop":{"background-color":"var(--ast-global-color-5)","background-image":"","background-repeat":"repeat","background-position":"center center","background-size":"auto","background-attachment":"scroll","background-type":"","background-media":"","overlay-type":"","overlay-color":"","overlay-opacity":"","overlay-gradient":""},"tablet":{"background-color":"","background-image":"","background-repeat":"repeat","background-position":"center center","background-size":"auto","background-attachment":"scroll","background-type":"","background-media":"","overlay-type":"","overlay-color":"","overlay-opacity":"","overlay-gradient":""},"mobile":{"background-color":"","background-image":"","background-repeat":"repeat","background-position":"center center","background-size":"auto","background-attachment":"scroll","background-type":"","background-media":"","overlay-type":"","overlay-color":"","overlay-opacity":"","overlay-gradient":""}},"ast-content-background-meta":{"desktop":{"background-color":"var(--ast-global-color-4)","background-image":"","background-repeat":"repeat","background-position":"center center","background-size":"auto","background-attachment":"scroll","background-type":"","background-media":"","overlay-type":"","overlay-color":"","overlay-opacity":"","overlay-gradient":""},"tablet":{"background-color":"var(--ast-global-color-4)","background-image":"","background-repeat":"repeat","background-position":"center center","background-size":"auto","background-attachment":"scroll","background-type":"","background-media":"","overlay-type":"","overlay-color":"","overlay-opacity":"","overlay-gradient":""},"mobile":{"background-color":"var(--ast-global-color-4)","background-image":"","background-repeat":"repeat","background-position":"center center","background-size":"auto","background-attachment":"scroll","background-type":"","background-media":"","overlay-type":"","overlay-color":"","overlay-opacity":"","overlay-gradient":""}},"footnotes":""},"class_list":["post-3516","page","type-page","status-publish","hentry"],"uagb_featured_image_src":{"full":false,"thumbnail":false,"medium":false,"medium_large":false,"large":false,"1536x1536":false,"2048x2048":false},"uagb_author_info":{"display_name":"adminATLAS","author_link":"https:\/\/grupo.us.es\/atlas\/index.php\/author\/adminatlas\/"},"uagb_comment_info":0,"uagb_excerpt":"&nbsp; 2025 Reportaje sobre el Colapso de los megasitios de la Edad del Cobre en la pen\u00ednsula ib\u00e9rica. Diario El [&hellip;]","_links":{"self":[{"href":"https:\/\/grupo.us.es\/atlas\/index.php\/wp-json\/wp\/v2\/pages\/3516","targetHints":{"allow":["GET"]}}],"collection":[{"href":"https:\/\/grupo.us.es\/atlas\/index.php\/wp-json\/wp\/v2\/pages"}],"about":[{"href":"https:\/\/grupo.us.es\/atlas\/index.php\/wp-json\/wp\/v2\/types\/page"}],"author":[{"embeddable":true,"href":"https:\/\/grupo.us.es\/atlas\/index.php\/wp-json\/wp\/v2\/users\/1"}],"replies":[{"embeddable":true,"href":"https:\/\/grupo.us.es\/atlas\/index.php\/wp-json\/wp\/v2\/comments?post=3516"}],"version-history":[{"count":3,"href":"https:\/\/grupo.us.es\/atlas\/index.php\/wp-json\/wp\/v2\/pages\/3516\/revisions"}],"predecessor-version":[{"id":5580,"href":"https:\/\/grupo.us.es\/atlas\/index.php\/wp-json\/wp\/v2\/pages\/3516\/revisions\/5580"}],"wp:attachment":[{"href":"https:\/\/grupo.us.es\/atlas\/index.php\/wp-json\/wp\/v2\/media?parent=3516"}],"curies":[{"name":"wp","href":"https:\/\/api.w.org\/{rel}","templated":true}]}}