{"id":2887,"date":"2020-06-10T19:27:26","date_gmt":"2020-06-10T19:27:26","guid":{"rendered":"http:\/\/grupo.us.es\/atlas\/?page_id=2887"},"modified":"2025-08-26T13:28:25","modified_gmt":"2025-08-26T11:28:25","slug":"pina-lopez-torres","status":"publish","type":"page","link":"https:\/\/grupo.us.es\/atlas\/index.php\/descripcion\/integrantes\/pina-lopez-torres\/","title":{"rendered":"Pina Lopez Torres"},"content":{"rendered":"\n<figure class=\"wp-block-image size-full is-resized\"><img loading=\"lazy\" decoding=\"async\" width=\"257\" height=\"330\" src=\"https:\/\/grupo.us.es\/atlas\/wp-content\/uploads\/2023\/11\/Pina-Lo\u0301pez-Torres.jpg\" alt=\"\" class=\"wp-image-3883\" style=\"width:150px\"\/><\/figure>\n\n\n\n<p>Titulaci\u00f3n<\/p>\n\n\n\n<p>Licenciada en Geograf\u00eda e Historia, secci\u00f3n Historia del Arte. Universidad de Sevilla.<\/p>\n\n\n\n<p>Biograf\u00eda<\/p>\n\n\n\n<p>Pina L\u00f3pez Torres se licenci\u00f3 en Geograf\u00eda e Historia, secci\u00f3n Historia del Arte en 1985 en la Universidad de Sevilla. Desde entonces, ha trabajado como arque\u00f3loga profesional en intervenciones de urgencia para diversas instituciones p\u00fablicas y promotores particulares. Entre 2001 y 2004, fue nombrada becaria de investigaci\u00f3n de la Universidad de Sevilla, desarrollando su labor cient\u00edfica dentro del Proyecto del Cerro de San Blas (Cheles, Badajoz) dirigido por Victor Hurtado P\u00e9rez.<\/p>\n\n\n\n<p>Dentro de su actividad profesional, se especializ\u00f3 en el estudio de los materiales cer\u00e1micos, realizando numerosos trabajos de catalogaci\u00f3n y estudio de cer\u00e1micas procedentes de diferentes intervenciones arqueol\u00f3gicas, destacando el estudio y catalogaci\u00f3n de los materiales procedentes de Castillo de San Jorge (Sevilla); Plaza de la Encarnaci\u00f3n (Sevilla); Estaci\u00f3n Puerta de Jerez, L\u00ednea 1. Metro de Sevilla; Metro-Centro (Sevilla). Adem\u00e1s de sus trabajos como responsable de estudio de materiales, posee una amplia experiencia profesional como arque\u00f3loga t\u00e9cnica y como directora de m\u00faltiples intervenciones preventivas en varios municipios hispalenses.<\/p>\n\n\n\n<p>En 2001 fue subvencionada por la Consejer\u00eda de Cultura para la Actuaci\u00f3n Puntual denominada \u201cTalleres y Alfares bajomedievales de Triana\u201d. En 2010, realiz\u00f3 la Catalogaci\u00f3n e Inventariado de las Colecciones del Museo de Valencina de la Concepci\u00f3n, Sevilla, conforme al proyecto subvencionado por la Direcci\u00f3n General de Museos y Arte Emergente de la Consejer\u00eda de Cultura.<\/p>\n\n\n\n<p>L\u00edneas de investigaci\u00f3n<\/p>\n\n\n\n<p>Su principal l\u00ednea de investigaci\u00f3n se centra en el estudio de los materiales cer\u00e1micos, abarcando desde \u00e9poca isl\u00e1mica hasta la contempor\u00e1nea, con especial inter\u00e9s en identificar los diferentes aspectos tecnol\u00f3gicos, formales y decorativos, para su contextualizaci\u00f3n y dataci\u00f3n.<\/p>\n\n\n\n<p>Dedicaci\u00f3n actual<\/p>\n\n\n\n<p>Actualmente ejerce como Arque\u00f3loga Profesional.<\/p>\n\n\n\n<p>Otros perfiles<\/p>\n\n\n\n<p>&nbsp;<a href=\"https:\/\/independent.academia.edu\/PinaL%C3%B3pezTorres\" target=\"_blank\" rel=\"noreferrer noopener\">Perfil en Academia.edu<\/a><\/p>\n","protected":false},"excerpt":{"rendered":"<p>Titulaci\u00f3n Licenciada en Geograf\u00eda e Historia, secci\u00f3n Historia del Arte. Universidad de Sevilla. Biograf\u00eda Pina L\u00f3pez Torres se licenci\u00f3 en [&hellip;]<\/p>\n","protected":false},"author":0,"featured_media":0,"parent":790,"menu_order":0,"comment_status":"closed","ping_status":"closed","template":"","meta":{"_uag_custom_page_level_css":"","site-sidebar-layout":"default","site-content-layout":"","ast-site-content-layout":"default","site-content-style":"default","site-sidebar-style":"default","ast-global-header-display":"","ast-banner-title-visibility":"","ast-main-header-display":"","ast-hfb-above-header-display":"","ast-hfb-below-header-display":"","ast-hfb-mobile-header-display":"","site-post-title":"","ast-breadcrumbs-content":"","ast-featured-img":"","footer-sml-layout":"","theme-transparent-header-meta":"","adv-header-id-meta":"","stick-header-meta":"","header-above-stick-meta":"","header-main-stick-meta":"","header-below-stick-meta":"","astra-migrate-meta-layouts":"default","ast-page-background-enabled":"default","ast-page-background-meta":{"desktop":{"background-color":"var(--ast-global-color-5)","background-image":"","background-repeat":"repeat","background-position":"center center","background-size":"auto","background-attachment":"scroll","background-type":"","background-media":"","overlay-type":"","overlay-color":"","overlay-opacity":"","overlay-gradient":""},"tablet":{"background-color":"","background-image":"","background-repeat":"repeat","background-position":"center center","background-size":"auto","background-attachment":"scroll","background-type":"","background-media":"","overlay-type":"","overlay-color":"","overlay-opacity":"","overlay-gradient":""},"mobile":{"background-color":"","background-image":"","background-repeat":"repeat","background-position":"center center","background-size":"auto","background-attachment":"scroll","background-type":"","background-media":"","overlay-type":"","overlay-color":"","overlay-opacity":"","overlay-gradient":""}},"ast-content-background-meta":{"desktop":{"background-color":"var(--ast-global-color-4)","background-image":"","background-repeat":"repeat","background-position":"center center","background-size":"auto","background-attachment":"scroll","background-type":"","background-media":"","overlay-type":"","overlay-color":"","overlay-opacity":"","overlay-gradient":""},"tablet":{"background-color":"var(--ast-global-color-4)","background-image":"","background-repeat":"repeat","background-position":"center center","background-size":"auto","background-attachment":"scroll","background-type":"","background-media":"","overlay-type":"","overlay-color":"","overlay-opacity":"","overlay-gradient":""},"mobile":{"background-color":"var(--ast-global-color-4)","background-image":"","background-repeat":"repeat","background-position":"center center","background-size":"auto","background-attachment":"scroll","background-type":"","background-media":"","overlay-type":"","overlay-color":"","overlay-opacity":"","overlay-gradient":""}},"footnotes":""},"class_list":["post-2887","page","type-page","status-publish","hentry"],"uagb_featured_image_src":{"full":false,"thumbnail":false,"medium":false,"medium_large":false,"large":false,"1536x1536":false,"2048x2048":false},"uagb_author_info":{"display_name":"","author_link":"https:\/\/grupo.us.es\/atlas\/index.php\/author\/"},"uagb_comment_info":0,"uagb_excerpt":"Titulaci\u00f3n Licenciada en Geograf\u00eda e Historia, secci\u00f3n Historia del Arte. Universidad de Sevilla. Biograf\u00eda Pina L\u00f3pez Torres se licenci\u00f3 en [&hellip;]","_links":{"self":[{"href":"https:\/\/grupo.us.es\/atlas\/index.php\/wp-json\/wp\/v2\/pages\/2887","targetHints":{"allow":["GET"]}}],"collection":[{"href":"https:\/\/grupo.us.es\/atlas\/index.php\/wp-json\/wp\/v2\/pages"}],"about":[{"href":"https:\/\/grupo.us.es\/atlas\/index.php\/wp-json\/wp\/v2\/types\/page"}],"replies":[{"embeddable":true,"href":"https:\/\/grupo.us.es\/atlas\/index.php\/wp-json\/wp\/v2\/comments?post=2887"}],"version-history":[{"count":1,"href":"https:\/\/grupo.us.es\/atlas\/index.php\/wp-json\/wp\/v2\/pages\/2887\/revisions"}],"predecessor-version":[{"id":5437,"href":"https:\/\/grupo.us.es\/atlas\/index.php\/wp-json\/wp\/v2\/pages\/2887\/revisions\/5437"}],"up":[{"embeddable":true,"href":"https:\/\/grupo.us.es\/atlas\/index.php\/wp-json\/wp\/v2\/pages\/790"}],"wp:attachment":[{"href":"https:\/\/grupo.us.es\/atlas\/index.php\/wp-json\/wp\/v2\/media?parent=2887"}],"curies":[{"name":"wp","href":"https:\/\/api.w.org\/{rel}","templated":true}]}}