{"id":25,"date":"2025-09-26T12:13:22","date_gmt":"2025-09-26T10:13:22","guid":{"rendered":"https:\/\/grupo.us.es\/arteygenero\/?page_id=25"},"modified":"2025-09-26T12:16:05","modified_gmt":"2025-09-26T10:16:05","slug":"informacion-general","status":"publish","type":"page","link":"https:\/\/grupo.us.es\/arteygenero\/?page_id=25","title":{"rendered":"Informaci\u00f3n general"},"content":{"rendered":"\n<p><strong>El Observatorio Permanente de Arte y G\u00e9nero se crea teniendo los siguientes Objetivos:<\/strong><\/p>\n\n\n\n<p>Investigar y difundir la presencia y la ausencia de las mujeres en la Historia, desde el \u00e1mbito de las Artes, la Literatura, la M\u00fasica y las manifestaciones creativas y culturales.<\/p>\n\n\n\n<p>Visibilizar las contribuciones de las mujeres a la Historia del Arte, de la Literatura y de la M\u00fasica.<\/p>\n\n\n\n<p>Poner en valor las aportaciones de las mujeres en los campos de la Historia, Ciencias Sociales, Artes y Humanidades.<\/p>\n\n\n\n<p>Analizar la construcci\u00f3n de los arquetipos femeninos a lo largo de la Historia a trav\u00e9s de sus representaciones en las Artes, en la Literatura y en la M\u00fasica, con objeto de deconstruir sus bases y contribuir a su cuestionamiento y superaci\u00f3n.<\/p>\n\n\n\n<p>Desvelar y deconstruir los modelos de comportamientos machistas y mis\u00f3ginos que las sociedades han desarrollado a lo largo de la Historia, algunos de los cuales perviven en la actualidad.<\/p>\n\n\n\n<p>Contribuir a la integraci\u00f3n de la perspectiva de g\u00e9nero en las actuaciones acad\u00e9micas, investigadoras y docentes que se desarrollan en la ense\u00f1anza superior universitaria y en los diferentes niveles educativos.<\/p>\n\n\n\n<p>Impulsar el desarrollo de investigaciones bajo una perspectiva de g\u00e9nero en las diferentes \u00e1reas cient\u00edficas del marco de las Ciencias Sociales, Artes y Humanidades.<\/p>\n\n\n\n<p>Elaborar informes sobre el grado de participaci\u00f3n de las mujeres en la escena cultural, que sirvan de instrumento para promover el cambio hacia una sociedad m\u00e1s igualitaria.<\/p>\n\n\n\n<p>Sensibilizar a la ciudadan\u00eda sobre la valoraci\u00f3n de las aportaciones de las mujeres en el \u00e1mbito de las Artes, de la Literatura, de la M\u00fasica y de la Cultura en general.&nbsp;<\/p>\n\n\n\n<p>Colaborar con instituciones p\u00fablicas y privadas para divulgar la Historia del Arte, de la Literatura y de la M\u00fasica bajo una perspectiva de g\u00e9nero y en un marco transversal e interdisciplinar.<\/p>\n\n\n\n<p>Contribuir a la cohesi\u00f3n social en el marco de la igualdad y de la no discriminaci\u00f3n.<\/p>\n\n\n\n<p>Colaborar en actividades orientadas al incremento del nivel educativo y formativo de mujeres en situaci\u00f3n de exclusi\u00f3n social.<\/p>\n\n\n\n<p>Cooperar para el desarrollo y la consolidaci\u00f3n de los derechos sociales a trav\u00e9s de proyectos culturales y sociales que promocionen la igualdad y el empoderamiento de las mujeres.&nbsp;<\/p>\n\n\n\n<div class=\"wp-block-columns is-layout-flex wp-container-core-columns-is-layout-9d6595d7 wp-block-columns-is-layout-flex\">\n<div class=\"wp-block-column is-layout-flow wp-block-column-is-layout-flow\">\n<figure class=\"wp-block-image size-full is-resized\"><img loading=\"lazy\" decoding=\"async\" width=\"278\" height=\"336\" src=\"https:\/\/grupo.us.es\/arteygenero\/wp-content\/uploads\/2025\/09\/Angelica_Kauffmann_by_Angelica_Kauffmann-2.jpg\" alt=\"\" class=\"wp-image-28\" style=\"width:348px;height:auto\" srcset=\"https:\/\/grupo.us.es\/arteygenero\/wp-content\/uploads\/2025\/09\/Angelica_Kauffmann_by_Angelica_Kauffmann-2.jpg 278w, https:\/\/grupo.us.es\/arteygenero\/wp-content\/uploads\/2025\/09\/Angelica_Kauffmann_by_Angelica_Kauffmann-2-248x300.jpg 248w\" sizes=\"auto, (max-width: 278px) 100vw, 278px\" \/><\/figure>\n<\/div>\n\n\n\n<div class=\"wp-block-column is-layout-flow wp-block-column-is-layout-flow\">\n<figure class=\"wp-block-image size-full is-resized\"><img loading=\"lazy\" decoding=\"async\" width=\"254\" height=\"330\" src=\"https:\/\/grupo.us.es\/arteygenero\/wp-content\/uploads\/2025\/09\/Captura-de-pantalla-2017-05-04-a-las-11.51.35.png\" alt=\"\" class=\"wp-image-29\" style=\"width:323px;height:auto\" srcset=\"https:\/\/grupo.us.es\/arteygenero\/wp-content\/uploads\/2025\/09\/Captura-de-pantalla-2017-05-04-a-las-11.51.35.png 254w, https:\/\/grupo.us.es\/arteygenero\/wp-content\/uploads\/2025\/09\/Captura-de-pantalla-2017-05-04-a-las-11.51.35-231x300.png 231w\" sizes=\"auto, (max-width: 254px) 100vw, 254px\" \/><\/figure>\n<\/div>\n<\/div>\n\n\n\n<div class=\"wp-block-columns is-layout-flex wp-container-core-columns-is-layout-9d6595d7 wp-block-columns-is-layout-flex\">\n<div class=\"wp-block-column is-layout-flow wp-block-column-is-layout-flow\">\n<p>Angelica Kauffman, Autorretrato, h. 1770-1775. National Portrait Gallery, Londres.&nbsp;<\/p>\n<\/div>\n\n\n\n<div class=\"wp-block-column is-layout-flow wp-block-column-is-layout-flow\">\n<p>Mar\u00eda Luisa de la Riva Mu\u00f1oz en su estudio de Par\u00eds, h. 1889.<\/p>\n<\/div>\n<\/div>\n\n\n\n<div class=\"wp-block-columns is-layout-flex wp-container-core-columns-is-layout-9d6595d7 wp-block-columns-is-layout-flex\">\n<div class=\"wp-block-column is-layout-flow wp-block-column-is-layout-flow\">\n<figure class=\"wp-block-image size-full is-resized is-style-default\"><img loading=\"lazy\" decoding=\"async\" width=\"363\" height=\"411\" src=\"https:\/\/grupo.us.es\/arteygenero\/wp-content\/uploads\/2025\/09\/Fernan-Caballero-Cecilia-Bohl.jpg\" alt=\"\" class=\"wp-image-32\" style=\"width:334px;height:auto\" srcset=\"https:\/\/grupo.us.es\/arteygenero\/wp-content\/uploads\/2025\/09\/Fernan-Caballero-Cecilia-Bohl.jpg 363w, https:\/\/grupo.us.es\/arteygenero\/wp-content\/uploads\/2025\/09\/Fernan-Caballero-Cecilia-Bohl-265x300.jpg 265w\" sizes=\"auto, (max-width: 363px) 100vw, 363px\" \/><\/figure>\n<\/div>\n\n\n\n<div class=\"wp-block-column is-layout-flow wp-block-column-is-layout-flow\">\n<figure class=\"wp-block-image size-full is-resized is-style-default\"><img loading=\"lazy\" decoding=\"async\" width=\"274\" height=\"327\" src=\"https:\/\/grupo.us.es\/arteygenero\/wp-content\/uploads\/2025\/09\/Meister_der_weiblichen_Halbfiguren_-_Drei_musizierende_Damen.jpg\" alt=\"Ma\u00eetre des demi-figures, Las tres int\u00e9rpretes, h. 1530-1560.\u00a0Ch\u00e2teau de Rohrau, Austria.\u00a0\" class=\"wp-image-31\" style=\"width:318px;height:auto\" srcset=\"https:\/\/grupo.us.es\/arteygenero\/wp-content\/uploads\/2025\/09\/Meister_der_weiblichen_Halbfiguren_-_Drei_musizierende_Damen.jpg 274w, https:\/\/grupo.us.es\/arteygenero\/wp-content\/uploads\/2025\/09\/Meister_der_weiblichen_Halbfiguren_-_Drei_musizierende_Damen-251x300.jpg 251w\" sizes=\"auto, (max-width: 274px) 100vw, 274px\" \/><\/figure>\n<\/div>\n<\/div>\n\n\n\n<div class=\"wp-block-columns is-layout-flex wp-container-core-columns-is-layout-9d6595d7 wp-block-columns-is-layout-flex\">\n<div class=\"wp-block-column is-layout-flow wp-block-column-is-layout-flow\">\n<p>Cecilia&nbsp;B\u00f6hl de Faber (Fern\u00e1n Caballero).&nbsp;<\/p>\n<\/div>\n\n\n\n<div class=\"wp-block-column is-layout-flow wp-block-column-is-layout-flow\">\n<p>Ma\u00eetre des demi-figures, Las tres int\u00e9rpretes, h. 1530-1560.&nbsp;Ch\u00e2teau de Rohrau, Austria.&nbsp;<\/p>\n<\/div>\n<\/div>\n\n\n\n<p><\/p>\n","protected":false},"excerpt":{"rendered":"<p>El Observatorio Permanente de Arte y G\u00e9nero se crea teniendo los siguientes Objetivos: Investigar y difundir la presencia y la ausencia de las mujeres en la Historia, desde el \u00e1mbito de las Artes, la Literatura, la M\u00fasica y las manifestaciones creativas y culturales. Visibilizar las contribuciones de las mujeres a la Historia del Arte, de [&hellip;]<\/p>\n","protected":false},"author":1,"featured_media":0,"parent":0,"menu_order":0,"comment_status":"closed","ping_status":"closed","template":"","meta":{"footnotes":""},"class_list":["post-25","page","type-page","status-publish","hentry"],"_links":{"self":[{"href":"https:\/\/grupo.us.es\/arteygenero\/index.php?rest_route=\/wp\/v2\/pages\/25","targetHints":{"allow":["GET"]}}],"collection":[{"href":"https:\/\/grupo.us.es\/arteygenero\/index.php?rest_route=\/wp\/v2\/pages"}],"about":[{"href":"https:\/\/grupo.us.es\/arteygenero\/index.php?rest_route=\/wp\/v2\/types\/page"}],"author":[{"embeddable":true,"href":"https:\/\/grupo.us.es\/arteygenero\/index.php?rest_route=\/wp\/v2\/users\/1"}],"replies":[{"embeddable":true,"href":"https:\/\/grupo.us.es\/arteygenero\/index.php?rest_route=%2Fwp%2Fv2%2Fcomments&post=25"}],"version-history":[{"count":6,"href":"https:\/\/grupo.us.es\/arteygenero\/index.php?rest_route=\/wp\/v2\/pages\/25\/revisions"}],"predecessor-version":[{"id":38,"href":"https:\/\/grupo.us.es\/arteygenero\/index.php?rest_route=\/wp\/v2\/pages\/25\/revisions\/38"}],"wp:attachment":[{"href":"https:\/\/grupo.us.es\/arteygenero\/index.php?rest_route=%2Fwp%2Fv2%2Fmedia&parent=25"}],"curies":[{"name":"wp","href":"https:\/\/api.w.org\/{rel}","templated":true}]}}

Información general

<p><strong>El Observatorio Permanente de Arte y Género se crea teniendo los siguientes Objetivos:</strong></p>



<p>Investigar y difundir la presencia y la ausencia de las mujeres en la Historia, desde el ámbito de las Artes, la Literatura, la Música y las manifestaciones creativas y culturales.</p>



<p>Visibilizar las contribuciones de las mujeres a la Historia del Arte, de la Literatura y de la Música.</p>



<p>Poner en valor las aportaciones de las mujeres en los campos de la Historia, Ciencias Sociales, Artes y Humanidades.</p>



<p>Analizar la construcción de los arquetipos femeninos a lo largo de la Historia a través de sus representaciones en las Artes, en la Literatura y en la Música, con objeto de deconstruir sus bases y contribuir a su cuestionamiento y superación.</p>



<p>Desvelar y deconstruir los modelos de comportamientos machistas y misóginos que las sociedades han desarrollado a lo largo de la Historia, algunos de los cuales perviven en la actualidad.</p>



<p>Contribuir a la integración de la perspectiva de género en las actuaciones académicas, investigadoras y docentes que se desarrollan en la enseñanza superior universitaria y en los diferentes niveles educativos.</p>



<p>Impulsar el desarrollo de investigaciones bajo una perspectiva de género en las diferentes áreas científicas del marco de las Ciencias Sociales, Artes y Humanidades.</p>



<p>Elaborar informes sobre el grado de participación de las mujeres en la escena cultural, que sirvan de instrumento para promover el cambio hacia una sociedad más igualitaria.</p>



<p>Sensibilizar a la ciudadanía sobre la valoración de las aportaciones de las mujeres en el ámbito de las Artes, de la Literatura, de la Música y de la Cultura en general.&nbsp;</p>



<p>Colaborar con instituciones públicas y privadas para divulgar la Historia del Arte, de la Literatura y de la Música bajo una perspectiva de género y en un marco transversal e interdisciplinar.</p>



<p>Contribuir a la cohesión social en el marco de la igualdad y de la no discriminación.</p>



<p>Colaborar en actividades orientadas al incremento del nivel educativo y formativo de mujeres en situación de exclusión social.</p>



<p>Cooperar para el desarrollo y la consolidación de los derechos sociales a través de proyectos culturales y sociales que promocionen la igualdad y el empoderamiento de las mujeres.&nbsp;</p>



<div class="wp-block-columns is-layout-flex wp-container-core-columns-is-layout-9d6595d7 wp-block-columns-is-layout-flex">
<div class="wp-block-column is-layout-flow wp-block-column-is-layout-flow">
<figure class="wp-block-image size-full is-resized"><img loading="lazy" decoding="async" width="278" height="336" src="https://grupo.us.es/arteygenero/wp-content/uploads/2025/09/Angelica_Kauffmann_by_Angelica_Kauffmann-2.jpg" alt="" class="wp-image-28" style="width:348px;height:auto" srcset="https://grupo.us.es/arteygenero/wp-content/uploads/2025/09/Angelica_Kauffmann_by_Angelica_Kauffmann-2.jpg 278w, https://grupo.us.es/arteygenero/wp-content/uploads/2025/09/Angelica_Kauffmann_by_Angelica_Kauffmann-2-248x300.jpg 248w" sizes="auto, (max-width: 278px) 100vw, 278px" /></figure>
</div>



<div class="wp-block-column is-layout-flow wp-block-column-is-layout-flow">
<figure class="wp-block-image size-full is-resized"><img loading="lazy" decoding="async" width="254" height="330" src="https://grupo.us.es/arteygenero/wp-content/uploads/2025/09/Captura-de-pantalla-2017-05-04-a-las-11.51.35.png" alt="" class="wp-image-29" style="width:323px;height:auto" srcset="https://grupo.us.es/arteygenero/wp-content/uploads/2025/09/Captura-de-pantalla-2017-05-04-a-las-11.51.35.png 254w, https://grupo.us.es/arteygenero/wp-content/uploads/2025/09/Captura-de-pantalla-2017-05-04-a-las-11.51.35-231x300.png 231w" sizes="auto, (max-width: 254px) 100vw, 254px" /></figure>
</div>
</div>



<div class="wp-block-columns is-layout-flex wp-container-core-columns-is-layout-9d6595d7 wp-block-columns-is-layout-flex">
<div class="wp-block-column is-layout-flow wp-block-column-is-layout-flow">
<p>Angelica Kauffman, Autorretrato, h. 1770-1775. National Portrait Gallery, Londres.&nbsp;</p>
</div>



<div class="wp-block-column is-layout-flow wp-block-column-is-layout-flow">
<p>María Luisa de la Riva Muñoz en su estudio de París, h. 1889.</p>
</div>
</div>



<div class="wp-block-columns is-layout-flex wp-container-core-columns-is-layout-9d6595d7 wp-block-columns-is-layout-flex">
<div class="wp-block-column is-layout-flow wp-block-column-is-layout-flow">
<figure class="wp-block-image size-full is-resized is-style-default"><img loading="lazy" decoding="async" width="363" height="411" src="https://grupo.us.es/arteygenero/wp-content/uploads/2025/09/Fernan-Caballero-Cecilia-Bohl.jpg" alt="" class="wp-image-32" style="width:334px;height:auto" srcset="https://grupo.us.es/arteygenero/wp-content/uploads/2025/09/Fernan-Caballero-Cecilia-Bohl.jpg 363w, https://grupo.us.es/arteygenero/wp-content/uploads/2025/09/Fernan-Caballero-Cecilia-Bohl-265x300.jpg 265w" sizes="auto, (max-width: 363px) 100vw, 363px" /></figure>
</div>



<div class="wp-block-column is-layout-flow wp-block-column-is-layout-flow">
<figure class="wp-block-image size-full is-resized is-style-default"><img loading="lazy" decoding="async" width="274" height="327" src="https://grupo.us.es/arteygenero/wp-content/uploads/2025/09/Meister_der_weiblichen_Halbfiguren_-_Drei_musizierende_Damen.jpg" alt="Maître des demi-figures, Las tres intérpretes, h. 1530-1560. Château de Rohrau, Austria. " class="wp-image-31" style="width:318px;height:auto" srcset="https://grupo.us.es/arteygenero/wp-content/uploads/2025/09/Meister_der_weiblichen_Halbfiguren_-_Drei_musizierende_Damen.jpg 274w, https://grupo.us.es/arteygenero/wp-content/uploads/2025/09/Meister_der_weiblichen_Halbfiguren_-_Drei_musizierende_Damen-251x300.jpg 251w" sizes="auto, (max-width: 274px) 100vw, 274px" /></figure>
</div>
</div>



<div class="wp-block-columns is-layout-flex wp-container-core-columns-is-layout-9d6595d7 wp-block-columns-is-layout-flex">
<div class="wp-block-column is-layout-flow wp-block-column-is-layout-flow">
<p>Cecilia&nbsp;Böhl de Faber (Fernán Caballero).&nbsp;</p>
</div>



<div class="wp-block-column is-layout-flow wp-block-column-is-layout-flow">
<p>Maître des demi-figures, Las tres intérpretes, h. 1530-1560.&nbsp;Château de Rohrau, Austria.&nbsp;</p>
</div>
</div>



<p></p>

<p>El Observatorio Permanente de Arte y Género se crea teniendo los siguientes Objetivos: Investigar y difundir la presencia y la ausencia de las mujeres en la Historia, desde el ámbito de las Artes, la Literatura, la Música y las manifestaciones creativas y culturales. Visibilizar las contribuciones de las mujeres a la Historia del Arte, de [&hellip;]</p>
