{"id":167,"date":"2025-09-26T14:59:08","date_gmt":"2025-09-26T12:59:08","guid":{"rendered":"https:\/\/grupo.us.es\/arteygenero\/?page_id=167"},"modified":"2025-09-26T14:59:08","modified_gmt":"2025-09-26T12:59:08","slug":"proyectos-de-cooperacion","status":"publish","type":"page","link":"https:\/\/grupo.us.es\/arteygenero\/?page_id=167","title":{"rendered":"Proyectos de Cooperaci\u00f3n"},"content":{"rendered":"\n<p><strong>\u00abEstrategias para el desarrollo de mujeres emprendedoras en San Salvador (El Salvador)\u00bb,<\/strong> 2009-2010. Oficina de Cooperaci\u00f3n al Desarrollo, Universidad de Sevilla. Asociaci\u00f3n ANADES, El Salvador. Asociaci\u00f3n para la Organizaci\u00f3n de la Educaci\u00f3n Empresarial Femenina de El Salvador. Universidad Centroamericana (UCA). Instituto Salvadore\u00f1o de Formaci\u00f3n Profesional. Alcald\u00eda Municipal de San Salvador. Ciudad Mujer.&nbsp;<\/p>\n\n\n\n<p><strong>\u00abProyecto de Empoderamiento de las mujeres de San Ram\u00f3n<\/strong> <strong>(El Salvador)\u00bb<\/strong>, 2013-2014.&nbsp;Oficina de Cooperaci\u00f3n al Desarrollo, Universidad de Sevilla. Asociaci\u00f3n ANADES, El Salvador. Asociaci\u00f3n para la Organizaci\u00f3n de la Educaci\u00f3n Empresarial Femenina de El Salvador. Universidad Centroamericana (UCA). Instituto Salvadore\u00f1o de Formaci\u00f3n Profesional. Alcald\u00eda Municipal de San Salvador. Ciudad Mujer.&nbsp;<\/p>\n\n\n\n<p>Proyectos dirigidos al desarrollo de la mejora de autoestima personal, formaci\u00f3n educativa b\u00e1sica, capacitaci\u00f3n profesional y autonom\u00eda econ\u00f3mica de las mujeres en situaci\u00f3n de exclusi\u00f3n social del barrio de San Ram\u00f3n de San Salvador (El Salvador) responsables de familias monomarentales, as\u00ed como a la promoci\u00f3n del acceso a la educaci\u00f3n b\u00e1sica de sus hijos e hijas.<\/p>\n","protected":false},"excerpt":{"rendered":"<p>\u00abEstrategias para el desarrollo de mujeres emprendedoras en San Salvador (El Salvador)\u00bb, 2009-2010. Oficina de Cooperaci\u00f3n al Desarrollo, Universidad de Sevilla. Asociaci\u00f3n ANADES, El Salvador. Asociaci\u00f3n para la Organizaci\u00f3n de la Educaci\u00f3n Empresarial Femenina de El Salvador. Universidad Centroamericana (UCA). Instituto Salvadore\u00f1o de Formaci\u00f3n Profesional. Alcald\u00eda Municipal de San Salvador. Ciudad Mujer.&nbsp; \u00abProyecto de Empoderamiento [&hellip;]<\/p>\n","protected":false},"author":1,"featured_media":0,"parent":0,"menu_order":0,"comment_status":"closed","ping_status":"closed","template":"","meta":{"footnotes":""},"class_list":["post-167","page","type-page","status-publish","hentry"],"_links":{"self":[{"href":"https:\/\/grupo.us.es\/arteygenero\/index.php?rest_route=\/wp\/v2\/pages\/167","targetHints":{"allow":["GET"]}}],"collection":[{"href":"https:\/\/grupo.us.es\/arteygenero\/index.php?rest_route=\/wp\/v2\/pages"}],"about":[{"href":"https:\/\/grupo.us.es\/arteygenero\/index.php?rest_route=\/wp\/v2\/types\/page"}],"author":[{"embeddable":true,"href":"https:\/\/grupo.us.es\/arteygenero\/index.php?rest_route=\/wp\/v2\/users\/1"}],"replies":[{"embeddable":true,"href":"https:\/\/grupo.us.es\/arteygenero\/index.php?rest_route=%2Fwp%2Fv2%2Fcomments&post=167"}],"version-history":[{"count":1,"href":"https:\/\/grupo.us.es\/arteygenero\/index.php?rest_route=\/wp\/v2\/pages\/167\/revisions"}],"predecessor-version":[{"id":168,"href":"https:\/\/grupo.us.es\/arteygenero\/index.php?rest_route=\/wp\/v2\/pages\/167\/revisions\/168"}],"wp:attachment":[{"href":"https:\/\/grupo.us.es\/arteygenero\/index.php?rest_route=%2Fwp%2Fv2%2Fmedia&parent=167"}],"curies":[{"name":"wp","href":"https:\/\/api.w.org\/{rel}","templated":true}]}}