{"id":162,"date":"2025-09-26T14:57:11","date_gmt":"2025-09-26T12:57:11","guid":{"rendered":"https:\/\/grupo.us.es\/arteygenero\/?page_id=162"},"modified":"2025-09-26T14:57:48","modified_gmt":"2025-09-26T12:57:48","slug":"proyectos-de-investigacion-relacionados","status":"publish","type":"page","link":"https:\/\/grupo.us.es\/arteygenero\/?page_id=162","title":{"rendered":"Proyectos de investigaci\u00f3n relacionados"},"content":{"rendered":"\n<p><strong>Colaboraciones en Proyectos de Investigaci\u00f3n I+D+i:\u00a0<\/strong><\/p>\n\n\n\n<h3 class=\"wp-block-heading\"><strong>Agencia femenina en la escena art\u00edstica andaluza (1440-1940)<\/strong><\/h3>\n\n\n\n<p><strong>\u00a0<\/strong>(PY20_01208. Consejer\u00eda de Transformaci\u00f3n Econ\u00f3mica, Industria, Conocimiento y Universidades de la Junta de Andaluc\u00eda, proyecto cofinanciado por los Fondos FEDER).\u00a0<\/p>\n\n\n\n<figure class=\"wp-block-image size-full\"><img loading=\"lazy\" decoding=\"async\" width=\"500\" height=\"228\" src=\"https:\/\/grupo.us.es\/arteygenero\/wp-content\/uploads\/2025\/09\/junta_ue_us_texto_w500.png\" alt=\"\" class=\"wp-image-163\" srcset=\"https:\/\/grupo.us.es\/arteygenero\/wp-content\/uploads\/2025\/09\/junta_ue_us_texto_w500.png 500w, https:\/\/grupo.us.es\/arteygenero\/wp-content\/uploads\/2025\/09\/junta_ue_us_texto_w500-300x137.png 300w\" sizes=\"auto, (max-width: 500px) 100vw, 500px\" \/><\/figure>\n\n\n\n<h3 class=\"wp-block-heading\"><strong>Las artistas en Espa\u00f1a, 1804-1939<\/strong> <\/h3>\n\n\n\n<p>(HAR2017-84399-P) (Ministerio de Econom\u00eda y Competitividad)<\/p>\n\n\n\n<h3 class=\"wp-block-heading\"><strong>Las artistas en la escena cultural espa\u00f1ola y su relaci\u00f3n con Europa (1803-1940). <\/strong><\/h3>\n\n\n\n<p>(PID2020_117133GB-100) (Ministerio de Econom\u00eda y Competitividad).<\/p>\n\n\n\n<p><\/p>\n","protected":false},"excerpt":{"rendered":"<p>Colaboraciones en Proyectos de Investigaci\u00f3n I+D+i:\u00a0 Agencia femenina en la escena art\u00edstica andaluza (1440-1940) \u00a0(PY20_01208. Consejer\u00eda de Transformaci\u00f3n Econ\u00f3mica, Industria, Conocimiento y Universidades de la Junta de Andaluc\u00eda, proyecto cofinanciado por los Fondos FEDER).\u00a0 Las artistas en Espa\u00f1a, 1804-1939 (HAR2017-84399-P) (Ministerio de Econom\u00eda y Competitividad) Las artistas en la escena cultural espa\u00f1ola y su relaci\u00f3n [&hellip;]<\/p>\n","protected":false},"author":1,"featured_media":0,"parent":0,"menu_order":0,"comment_status":"closed","ping_status":"closed","template":"","meta":{"footnotes":""},"class_list":["post-162","page","type-page","status-publish","hentry"],"_links":{"self":[{"href":"https:\/\/grupo.us.es\/arteygenero\/index.php?rest_route=\/wp\/v2\/pages\/162","targetHints":{"allow":["GET"]}}],"collection":[{"href":"https:\/\/grupo.us.es\/arteygenero\/index.php?rest_route=\/wp\/v2\/pages"}],"about":[{"href":"https:\/\/grupo.us.es\/arteygenero\/index.php?rest_route=\/wp\/v2\/types\/page"}],"author":[{"embeddable":true,"href":"https:\/\/grupo.us.es\/arteygenero\/index.php?rest_route=\/wp\/v2\/users\/1"}],"replies":[{"embeddable":true,"href":"https:\/\/grupo.us.es\/arteygenero\/index.php?rest_route=%2Fwp%2Fv2%2Fcomments&post=162"}],"version-history":[{"count":3,"href":"https:\/\/grupo.us.es\/arteygenero\/index.php?rest_route=\/wp\/v2\/pages\/162\/revisions"}],"predecessor-version":[{"id":166,"href":"https:\/\/grupo.us.es\/arteygenero\/index.php?rest_route=\/wp\/v2\/pages\/162\/revisions\/166"}],"wp:attachment":[{"href":"https:\/\/grupo.us.es\/arteygenero\/index.php?rest_route=%2Fwp%2Fv2%2Fmedia&parent=162"}],"curies":[{"name":"wp","href":"https:\/\/api.w.org\/{rel}","templated":true}]}}