{"id":109,"date":"2022-04-07T17:33:58","date_gmt":"2022-04-07T17:33:58","guid":{"rendered":"https:\/\/grupo.us.es\/artesdigitales\/?page_id=109"},"modified":"2022-05-16T09:04:15","modified_gmt":"2022-05-16T09:04:15","slug":"creditos","status":"publish","type":"page","link":"https:\/\/grupo.us.es\/artesdigitales\/creditos\/","title":{"rendered":"cr\u00e9ditos"},"content":{"rendered":"\n<p>Utilizamos <a rel=\"noreferrer noopener\" href=\"https:\/\/wordpress.com\" data-type=\"URL\" data-id=\"https:\/\/wordpress.com\" target=\"_blank\">WordPress <\/a>para la gesti\u00f3n de contenidos de esta web. La plantilla utilizada es <a rel=\"noreferrer noopener\" href=\"https:\/\/honeybee.spicethemes.com\/\" data-type=\"URL\" data-id=\"https:\/\/honeybee.spicethemes.com\/\" target=\"_blank\">HoneyBee<\/a>.<\/p>\n\n\n\n<p><strong>Sobre la imagen de portada<\/strong><\/p>\n\n\n\n<p><strong>ls<\/strong>: lista lo que hay en un directorio: el programa nos muestra los archivos <em>CONGRESO<\/em>, <em>INTERNACIONAL<\/em>, <em>ARTES DIGITALES y ODS<\/em><\/p>\n\n\n\n<p><strong>.\/ ejecuta un programa<\/strong>: se intenta instalar el programa Objetivos de Desarrollo Sostenible y al ejecutarse aparece un error de tiempo de ejecuci\u00f3n.<\/p>\n\n\n\n<p><strong>cd \/home<\/strong>: cambiamos de directorio a <em>LO_DESENFOCADO<\/em> <\/p>\n\n\n\n<p><strong>.<strong>\/<\/strong> ejecuta un programa<\/strong>: se ejecuta el binario THE_UNFOCUSED y nos muestra <strong><em>HELLO WORLD !<\/em><\/strong> . <\/p>\n\n\n\n<p>Al dise\u00f1arse un programa inform\u00e1tico <strong><em>Hello Word!<\/em><\/strong> es el t\u00edpico ejercicio de prueba que nos se\u00f1ala que todo est\u00e1 correcto seg\u00fan las instrucciones dadas. Tambi\u00e9n es una forma de saludar al mundo. Es nuestra forma de acelerar, mediante la mirada en <em>lo desenfocado<\/em>, un nuevo tiempo necesario.<\/p>\n\n\n\n<p>Gracias a Manuel Mart\u00ednez y Ram\u00f3n G\u00f3mez por las horas de ayuda y cursos de programaci\u00f3n que ofrecen a la comunidad universitaria. Gracias por acompa\u00f1arme en la tesis con sus lecturas \u00abinform\u00e1ticas\u00bb.<\/p>\n\n\n\n<p><em>Juan A. Rodr\u00edguez<\/em><\/p>\n\n\n\n<p><\/p>\n","protected":false},"excerpt":{"rendered":"<p>Utilizamos WordPress para la gesti\u00f3n de contenidos de esta web. La plantilla utilizada es HoneyBee. Sobre la imagen de portada ls: lista lo que hay en un directorio: el programa nos muestra los archivos CONGRESO, INTERNACIONAL, ARTES DIGITALES y ODS .\/ ejecuta un programa: se intenta instalar el programa Objetivos de Desarrollo Sostenible y al [&hellip;]<\/p>\n","protected":false},"author":1,"featured_media":0,"parent":0,"menu_order":0,"comment_status":"closed","ping_status":"closed","template":"","meta":{"footnotes":""},"class_list":["post-109","page","type-page","status-publish","hentry"],"yoast_head":"<!-- This site is optimized with the Yoast SEO plugin v27.4 - https:\/\/yoast.com\/product\/yoast-seo-wordpress\/ -->\n<title>I Congreso Internacional sobre Artes Digitales. Cr\u00e9ditos<\/title>\n<meta name=\"description\" content=\"Creditos del del Congreso Internacional sobre artes Digitales, Sevilla 2022\" \/>\n<meta name=\"robots\" content=\"index, follow, max-snippet:-1, max-image-preview:large, max-video-preview:-1\" \/>\n<link rel=\"canonical\" href=\"https:\/\/grupo.us.es\/artesdigitales\/creditos\/\" \/>\n<meta property=\"og:locale\" content=\"es_ES\" \/>\n<meta property=\"og:type\" content=\"article\" \/>\n<meta property=\"og:title\" content=\"I Congreso Internacional sobre Artes Digitales. Cr\u00e9ditos\" \/>\n<meta property=\"og:description\" content=\"Creditos del del Congreso Internacional sobre artes Digitales, Sevilla 2022\" \/>\n<meta property=\"og:url\" content=\"https:\/\/grupo.us.es\/artesdigitales\/creditos\/\" \/>\n<meta property=\"og:site_name\" content=\"Artes digitales\" \/>\n<meta property=\"article:modified_time\" content=\"2022-05-16T09:04:15+00:00\" \/>\n<meta name=\"twitter:card\" content=\"summary_large_image\" \/>\n<meta name=\"twitter:label1\" content=\"Tiempo de lectura\" \/>\n\t<meta name=\"twitter:data1\" content=\"1 minuto\" \/>\n<script type=\"application\/ld+json\" class=\"yoast-schema-graph\">{\"@context\":\"https:\\\/\\\/schema.org\",\"@graph\":[{\"@type\":\"WebPage\",\"@id\":\"https:\\\/\\\/grupo.us.es\\\/artesdigitales\\\/creditos\\\/\",\"url\":\"https:\\\/\\\/grupo.us.es\\\/artesdigitales\\\/creditos\\\/\",\"name\":\"I Congreso Internacional sobre Artes Digitales. Cr\u00e9ditos\",\"isPartOf\":{\"@id\":\"https:\\\/\\\/grupo.us.es\\\/artesdigitales\\\/#website\"},\"datePublished\":\"2022-04-07T17:33:58+00:00\",\"dateModified\":\"2022-05-16T09:04:15+00:00\",\"description\":\"Creditos del del Congreso Internacional sobre artes Digitales, Sevilla 2022\",\"inLanguage\":\"es\",\"potentialAction\":[{\"@type\":\"ReadAction\",\"target\":[\"https:\\\/\\\/grupo.us.es\\\/artesdigitales\\\/creditos\\\/\"]}]},{\"@type\":\"WebSite\",\"@id\":\"https:\\\/\\\/grupo.us.es\\\/artesdigitales\\\/#website\",\"url\":\"https:\\\/\\\/grupo.us.es\\\/artesdigitales\\\/\",\"name\":\"Artes digitales\",\"description\":\"I  congreso internacional de artes digitales\",\"publisher\":{\"@id\":\"https:\\\/\\\/grupo.us.es\\\/artesdigitales\\\/#organization\"},\"potentialAction\":[{\"@type\":\"SearchAction\",\"target\":{\"@type\":\"EntryPoint\",\"urlTemplate\":\"https:\\\/\\\/grupo.us.es\\\/artesdigitales\\\/?s={search_term_string}\"},\"query-input\":{\"@type\":\"PropertyValueSpecification\",\"valueRequired\":true,\"valueName\":\"search_term_string\"}}],\"inLanguage\":\"es\"},{\"@type\":\"Organization\",\"@id\":\"https:\\\/\\\/grupo.us.es\\\/artesdigitales\\\/#organization\",\"name\":\"Unversidad de Sevilla\",\"url\":\"https:\\\/\\\/grupo.us.es\\\/artesdigitales\\\/\",\"logo\":{\"@type\":\"ImageObject\",\"inLanguage\":\"es\",\"@id\":\"https:\\\/\\\/grupo.us.es\\\/artesdigitales\\\/#\\\/schema\\\/logo\\\/image\\\/\",\"url\":\"https:\\\/\\\/grupo.us.es\\\/artesdigitales\\\/wp-content\\\/uploads\\\/2022\\\/05\\\/US-marca-digital-cuadrada.jpg\",\"contentUrl\":\"https:\\\/\\\/grupo.us.es\\\/artesdigitales\\\/wp-content\\\/uploads\\\/2022\\\/05\\\/US-marca-digital-cuadrada.jpg\",\"width\":150,\"height\":150,\"caption\":\"Unversidad de Sevilla\"},\"image\":{\"@id\":\"https:\\\/\\\/grupo.us.es\\\/artesdigitales\\\/#\\\/schema\\\/logo\\\/image\\\/\"}}]}<\/script>\n<!-- \/ Yoast SEO plugin. -->","yoast_head_json":{"title":"I Congreso Internacional sobre Artes Digitales. Cr\u00e9ditos","description":"Creditos del del Congreso Internacional sobre artes Digitales, Sevilla 2022","robots":{"index":"index","follow":"follow","max-snippet":"max-snippet:-1","max-image-preview":"max-image-preview:large","max-video-preview":"max-video-preview:-1"},"canonical":"https:\/\/grupo.us.es\/artesdigitales\/creditos\/","og_locale":"es_ES","og_type":"article","og_title":"I Congreso Internacional sobre Artes Digitales. Cr\u00e9ditos","og_description":"Creditos del del Congreso Internacional sobre artes Digitales, Sevilla 2022","og_url":"https:\/\/grupo.us.es\/artesdigitales\/creditos\/","og_site_name":"Artes digitales","article_modified_time":"2022-05-16T09:04:15+00:00","twitter_card":"summary_large_image","twitter_misc":{"Tiempo de lectura":"1 minuto"},"schema":{"@context":"https:\/\/schema.org","@graph":[{"@type":"WebPage","@id":"https:\/\/grupo.us.es\/artesdigitales\/creditos\/","url":"https:\/\/grupo.us.es\/artesdigitales\/creditos\/","name":"I Congreso Internacional sobre Artes Digitales. Cr\u00e9ditos","isPartOf":{"@id":"https:\/\/grupo.us.es\/artesdigitales\/#website"},"datePublished":"2022-04-07T17:33:58+00:00","dateModified":"2022-05-16T09:04:15+00:00","description":"Creditos del del Congreso Internacional sobre artes Digitales, Sevilla 2022","inLanguage":"es","potentialAction":[{"@type":"ReadAction","target":["https:\/\/grupo.us.es\/artesdigitales\/creditos\/"]}]},{"@type":"WebSite","@id":"https:\/\/grupo.us.es\/artesdigitales\/#website","url":"https:\/\/grupo.us.es\/artesdigitales\/","name":"Artes digitales","description":"I  congreso internacional de artes digitales","publisher":{"@id":"https:\/\/grupo.us.es\/artesdigitales\/#organization"},"potentialAction":[{"@type":"SearchAction","target":{"@type":"EntryPoint","urlTemplate":"https:\/\/grupo.us.es\/artesdigitales\/?s={search_term_string}"},"query-input":{"@type":"PropertyValueSpecification","valueRequired":true,"valueName":"search_term_string"}}],"inLanguage":"es"},{"@type":"Organization","@id":"https:\/\/grupo.us.es\/artesdigitales\/#organization","name":"Unversidad de Sevilla","url":"https:\/\/grupo.us.es\/artesdigitales\/","logo":{"@type":"ImageObject","inLanguage":"es","@id":"https:\/\/grupo.us.es\/artesdigitales\/#\/schema\/logo\/image\/","url":"https:\/\/grupo.us.es\/artesdigitales\/wp-content\/uploads\/2022\/05\/US-marca-digital-cuadrada.jpg","contentUrl":"https:\/\/grupo.us.es\/artesdigitales\/wp-content\/uploads\/2022\/05\/US-marca-digital-cuadrada.jpg","width":150,"height":150,"caption":"Unversidad de Sevilla"},"image":{"@id":"https:\/\/grupo.us.es\/artesdigitales\/#\/schema\/logo\/image\/"}}]}},"_links":{"self":[{"href":"https:\/\/grupo.us.es\/artesdigitales\/wp-json\/wp\/v2\/pages\/109","targetHints":{"allow":["GET"]}}],"collection":[{"href":"https:\/\/grupo.us.es\/artesdigitales\/wp-json\/wp\/v2\/pages"}],"about":[{"href":"https:\/\/grupo.us.es\/artesdigitales\/wp-json\/wp\/v2\/types\/page"}],"author":[{"embeddable":true,"href":"https:\/\/grupo.us.es\/artesdigitales\/wp-json\/wp\/v2\/users\/1"}],"replies":[{"embeddable":true,"href":"https:\/\/grupo.us.es\/artesdigitales\/wp-json\/wp\/v2\/comments?post=109"}],"version-history":[{"count":10,"href":"https:\/\/grupo.us.es\/artesdigitales\/wp-json\/wp\/v2\/pages\/109\/revisions"}],"predecessor-version":[{"id":155,"href":"https:\/\/grupo.us.es\/artesdigitales\/wp-json\/wp\/v2\/pages\/109\/revisions\/155"}],"wp:attachment":[{"href":"https:\/\/grupo.us.es\/artesdigitales\/wp-json\/wp\/v2\/media?parent=109"}],"curies":[{"name":"wp","href":"https:\/\/api.w.org\/{rel}","templated":true}]}}