{"id":2536,"date":"2024-03-12T08:32:28","date_gmt":"2024-03-12T08:32:28","guid":{"rendered":"https:\/\/grupo.us.es\/alzarq\/noticias\/eventos-copy\/"},"modified":"2025-05-09T12:16:41","modified_gmt":"2025-05-09T12:16:41","slug":"reportajes-y-entrevistas","status":"publish","type":"page","link":"https:\/\/grupo.us.es\/alzarq\/noticias\/reportajes-y-entrevistas\/","title":{"rendered":"Reportajes y entrevistas"},"content":{"rendered":"\t\t<div data-elementor-type=\"wp-page\" data-elementor-id=\"2536\" class=\"elementor elementor-2536\" data-elementor-post-type=\"page\">\n\t\t\t\t\t\t<section class=\"elementor-section elementor-top-section elementor-element elementor-element-32f462d elementor-section-boxed elementor-section-height-default elementor-section-height-default\" data-id=\"32f462d\" data-element_type=\"section\">\n\t\t\t\t\t\t<div class=\"elementor-container elementor-column-gap-default\">\n\t\t\t\t\t<div class=\"elementor-column elementor-col-100 elementor-top-column elementor-element elementor-element-a614204\" data-id=\"a614204\" data-element_type=\"column\">\n\t\t\t<div class=\"elementor-widget-wrap elementor-element-populated\">\n\t\t\t\t\t\t<div class=\"elementor-element elementor-element-b4045b0 elementor-grid-3 elementor-grid-tablet-2 elementor-grid-mobile-1 elementor-posts--thumbnail-top elementor-card-shadow-yes elementor-posts__hover-gradient elementor-widget elementor-widget-posts\" data-id=\"b4045b0\" data-element_type=\"widget\" data-settings=\"{&quot;pagination_type&quot;:&quot;load_more_infinite_scroll&quot;,&quot;cards_columns&quot;:&quot;3&quot;,&quot;cards_columns_tablet&quot;:&quot;2&quot;,&quot;cards_columns_mobile&quot;:&quot;1&quot;,&quot;cards_row_gap&quot;:{&quot;unit&quot;:&quot;px&quot;,&quot;size&quot;:35,&quot;sizes&quot;:[]},&quot;cards_row_gap_tablet&quot;:{&quot;unit&quot;:&quot;px&quot;,&quot;size&quot;:&quot;&quot;,&quot;sizes&quot;:[]},&quot;cards_row_gap_mobile&quot;:{&quot;unit&quot;:&quot;px&quot;,&quot;size&quot;:&quot;&quot;,&quot;sizes&quot;:[]},&quot;load_more_spinner&quot;:{&quot;value&quot;:&quot;fas fa-spinner&quot;,&quot;library&quot;:&quot;fa-solid&quot;}}\" data-widget_type=\"posts.cards\">\n\t\t\t\t<div class=\"elementor-widget-container\">\n\t\t\t\t\t\t\t<div class=\"elementor-posts-container elementor-posts elementor-posts--skin-cards elementor-grid\">\n\t\t\t\t<article class=\"elementor-post elementor-grid-item post-2698 post type-post status-publish format-standard has-post-thumbnail hentry category-entrevistas category-noticias\">\n\t\t\t<div class=\"elementor-post__card\">\n\t\t\t\t<a class=\"elementor-post__thumbnail__link\" href=\"https:\/\/grupo.us.es\/alzarq\/premio-centro-de-estudios-andaluces-a-la-tesis-doctoral-de-pablo-j-valero-copy\/\" tabindex=\"-1\" ><div class=\"elementor-post__thumbnail\"><img fetchpriority=\"high\" decoding=\"async\" width=\"800\" height=\"407\" src=\"https:\/\/grupo.us.es\/alzarq\/wp-content\/uploads\/2025\/04\/EnRED-3_25-03-25-980x498-1.png\" class=\"attachment-large size-large wp-image-2700\" alt=\"\" srcset=\"https:\/\/grupo.us.es\/alzarq\/wp-content\/uploads\/2025\/04\/EnRED-3_25-03-25-980x498-1.png 980w, https:\/\/grupo.us.es\/alzarq\/wp-content\/uploads\/2025\/04\/EnRED-3_25-03-25-980x498-1-300x152.png 300w, https:\/\/grupo.us.es\/alzarq\/wp-content\/uploads\/2025\/04\/EnRED-3_25-03-25-980x498-1-768x390.png 768w\" sizes=\"(max-width: 800px) 100vw, 800px\" \/><\/div><\/a>\n\t\t\t\t<div class=\"elementor-post__text\">\n\t\t\t\t<h3 class=\"elementor-post__title\">\n\t\t\t<a href=\"https:\/\/grupo.us.es\/alzarq\/premio-centro-de-estudios-andaluces-a-la-tesis-doctoral-de-pablo-j-valero-copy\/\" >\n\t\t\t\t\u00bfQU\u00c9 ES LA INTELIGENCIA AMBIENTAL? RESPONDEMOS en el PROGRAMA EnRed DE CANAL SUR TV\t\t\t<\/a>\n\t\t<\/h3>\n\t\t\t\t<div class=\"elementor-post__excerpt\">\n\t\t\t<p>SEVILLA \/ 25 de marzo de 2025<\/p>\t\t<\/div>\n\t\t\n\t\t<a class=\"elementor-post__read-more\" href=\"https:\/\/grupo.us.es\/alzarq\/premio-centro-de-estudios-andaluces-a-la-tesis-doctoral-de-pablo-j-valero-copy\/\" aria-label=\"M\u00e1s informaci\u00f3n sobre \u00bfQU\u00c9 ES LA INTELIGENCIA AMBIENTAL? RESPONDEMOS en el PROGRAMA EnRed DE CANAL SUR TV\" tabindex=\"-1\" >\n\t\t\tLeer m\u00e1s \u00bb\t\t<\/a>\n\n\t\t\t\t<\/div>\n\t\t\t\t\t<\/div>\n\t\t<\/article>\n\t\t\t\t<article class=\"elementor-post elementor-grid-item post-2631 post type-post status-publish format-standard has-post-thumbnail hentry category-entrevistas category-noticias\">\n\t\t\t<div class=\"elementor-post__card\">\n\t\t\t\t<a class=\"elementor-post__thumbnail__link\" href=\"https:\/\/grupo.us.es\/alzarq\/en-red-canal-sur-presenta-nuestro-prototipo-de-vivienda-inteligente\/\" tabindex=\"-1\" ><div class=\"elementor-post__thumbnail\"><img decoding=\"async\" width=\"800\" height=\"446\" src=\"https:\/\/grupo.us.es\/alzarq\/wp-content\/uploads\/2024\/05\/EN-RED_CANAL-SUR_30-04-24-980x546-1.png\" class=\"attachment-large size-large wp-image-2633\" alt=\"\" srcset=\"https:\/\/grupo.us.es\/alzarq\/wp-content\/uploads\/2024\/05\/EN-RED_CANAL-SUR_30-04-24-980x546-1.png 980w, https:\/\/grupo.us.es\/alzarq\/wp-content\/uploads\/2024\/05\/EN-RED_CANAL-SUR_30-04-24-980x546-1-300x167.png 300w, https:\/\/grupo.us.es\/alzarq\/wp-content\/uploads\/2024\/05\/EN-RED_CANAL-SUR_30-04-24-980x546-1-768x428.png 768w, https:\/\/grupo.us.es\/alzarq\/wp-content\/uploads\/2024\/05\/EN-RED_CANAL-SUR_30-04-24-980x546-1-800x445.png 800w\" sizes=\"(max-width: 800px) 100vw, 800px\" \/><\/div><\/a>\n\t\t\t\t<div class=\"elementor-post__text\">\n\t\t\t\t<h3 class=\"elementor-post__title\">\n\t\t\t<a href=\"https:\/\/grupo.us.es\/alzarq\/en-red-canal-sur-presenta-nuestro-prototipo-de-vivienda-inteligente\/\" >\n\t\t\t\tEN RED (CANAL SUR) PRESENTA NUESTRO PROTOTIPO de VIVIENDA INTELIGENTE\t\t\t<\/a>\n\t\t<\/h3>\n\t\t\t\t<div class=\"elementor-post__excerpt\">\n\t\t\t<p>SEVILLA &#8211; M\u00c1LAGA \/ 29 de abril de 2024<\/p>\t\t<\/div>\n\t\t\n\t\t<a class=\"elementor-post__read-more\" href=\"https:\/\/grupo.us.es\/alzarq\/en-red-canal-sur-presenta-nuestro-prototipo-de-vivienda-inteligente\/\" aria-label=\"M\u00e1s informaci\u00f3n sobre EN RED (CANAL SUR) PRESENTA NUESTRO PROTOTIPO de VIVIENDA INTELIGENTE\" tabindex=\"-1\" >\n\t\t\tLeer m\u00e1s \u00bb\t\t<\/a>\n\n\t\t\t\t<\/div>\n\t\t\t\t\t<\/div>\n\t\t<\/article>\n\t\t\t\t<article class=\"elementor-post elementor-grid-item post-2628 post type-post status-publish format-standard has-post-thumbnail hentry category-entrevistas category-noticias\">\n\t\t\t<div class=\"elementor-post__card\">\n\t\t\t\t<a class=\"elementor-post__thumbnail__link\" href=\"https:\/\/grupo.us.es\/alzarq\/arquitectura-para-la-memoria-en-tesis-de-canal-sur\/\" tabindex=\"-1\" ><div class=\"elementor-post__thumbnail\"><img decoding=\"async\" width=\"800\" height=\"600\" src=\"https:\/\/grupo.us.es\/alzarq\/wp-content\/uploads\/2024\/05\/ALZ_DIF_NOT_TESIS_Arquitectura-para-la-memoria_72ppp-1024x768.jpg\" class=\"attachment-large size-large wp-image-2630\" alt=\"\" srcset=\"https:\/\/grupo.us.es\/alzarq\/wp-content\/uploads\/2024\/05\/ALZ_DIF_NOT_TESIS_Arquitectura-para-la-memoria_72ppp-1024x768.jpg 1024w, https:\/\/grupo.us.es\/alzarq\/wp-content\/uploads\/2024\/05\/ALZ_DIF_NOT_TESIS_Arquitectura-para-la-memoria_72ppp-300x225.jpg 300w, https:\/\/grupo.us.es\/alzarq\/wp-content\/uploads\/2024\/05\/ALZ_DIF_NOT_TESIS_Arquitectura-para-la-memoria_72ppp-768x576.jpg 768w, https:\/\/grupo.us.es\/alzarq\/wp-content\/uploads\/2024\/05\/ALZ_DIF_NOT_TESIS_Arquitectura-para-la-memoria_72ppp-1536x1152.jpg 1536w, https:\/\/grupo.us.es\/alzarq\/wp-content\/uploads\/2024\/05\/ALZ_DIF_NOT_TESIS_Arquitectura-para-la-memoria_72ppp.jpg 1600w\" sizes=\"(max-width: 800px) 100vw, 800px\" \/><\/div><\/a>\n\t\t\t\t<div class=\"elementor-post__text\">\n\t\t\t\t<h3 class=\"elementor-post__title\">\n\t\t\t<a href=\"https:\/\/grupo.us.es\/alzarq\/arquitectura-para-la-memoria-en-tesis-de-canal-sur\/\" >\n\t\t\t\tARQUITECTURA PARA LA MEMORIA en TESIS de CANAL SUR\t\t\t<\/a>\n\t\t<\/h3>\n\t\t\t\t<div class=\"elementor-post__excerpt\">\n\t\t\t<p>M\u00c1LAGA \/ 27 de abril de 2024<\/p>\t\t<\/div>\n\t\t\n\t\t<a class=\"elementor-post__read-more\" href=\"https:\/\/grupo.us.es\/alzarq\/arquitectura-para-la-memoria-en-tesis-de-canal-sur\/\" aria-label=\"M\u00e1s informaci\u00f3n sobre ARQUITECTURA PARA LA MEMORIA en TESIS de CANAL SUR\" tabindex=\"-1\" >\n\t\t\tLeer m\u00e1s \u00bb\t\t<\/a>\n\n\t\t\t\t<\/div>\n\t\t\t\t\t<\/div>\n\t\t<\/article>\n\t\t\t\t<article class=\"elementor-post elementor-grid-item post-2540 post type-post status-publish format-standard has-post-thumbnail hentry category-entrevistas category-noticias\">\n\t\t\t<div class=\"elementor-post__card\">\n\t\t\t\t<a class=\"elementor-post__thumbnail__link\" href=\"https:\/\/grupo.us.es\/alzarq\/correo-de-andalucia-copy\/\" tabindex=\"-1\" ><div class=\"elementor-post__thumbnail\"><img loading=\"lazy\" decoding=\"async\" width=\"743\" height=\"646\" src=\"https:\/\/grupo.us.es\/alzarq\/wp-content\/uploads\/2024\/03\/EL-CORREO-DE-ANDALUCIA_25_11_17-Color.jpg\" class=\"attachment-large size-large wp-image-2549\" alt=\"\" srcset=\"https:\/\/grupo.us.es\/alzarq\/wp-content\/uploads\/2024\/03\/EL-CORREO-DE-ANDALUCIA_25_11_17-Color.jpg 743w, https:\/\/grupo.us.es\/alzarq\/wp-content\/uploads\/2024\/03\/EL-CORREO-DE-ANDALUCIA_25_11_17-Color-300x261.jpg 300w\" sizes=\"(max-width: 743px) 100vw, 743px\" \/><\/div><\/a>\n\t\t\t\t<div class=\"elementor-post__text\">\n\t\t\t\t<h3 class=\"elementor-post__title\">\n\t\t\t<a href=\"https:\/\/grupo.us.es\/alzarq\/correo-de-andalucia-copy\/\" >\n\t\t\t\tEL CORREO DE ANDALUC\u00cdA_Entrevista\t\t\t<\/a>\n\t\t<\/h3>\n\t\t\t\t<div class=\"elementor-post__excerpt\">\n\t\t\t<p>SEVILLA \/ 25 de noviembre de 2017<\/p>\t\t<\/div>\n\t\t\n\t\t<a class=\"elementor-post__read-more\" href=\"https:\/\/grupo.us.es\/alzarq\/correo-de-andalucia-copy\/\" aria-label=\"M\u00e1s informaci\u00f3n sobre EL CORREO DE ANDALUC\u00cdA_Entrevista\" tabindex=\"-1\" >\n\t\t\tLeer m\u00e1s \u00bb\t\t<\/a>\n\n\t\t\t\t<\/div>\n\t\t\t\t\t<\/div>\n\t\t<\/article>\n\t\t\t\t<\/div>\n\t\t\t\t\t<span class=\"e-load-more-spinner\">\n\t\t\t\t<i aria-hidden=\"true\" class=\"fas fa-spinner\"><\/i>\t\t\t<\/span>\n\t\t\n\t\t\t\t\t\t<\/div>\n\t\t\t\t<\/div>\n\t\t\t\t\t<\/div>\n\t\t<\/div>\n\t\t\t\t\t<\/div>\n\t\t<\/section>\n\t\t\t\t<\/div>\n\t\t","protected":false},"excerpt":{"rendered":"","protected":false},"author":4,"featured_media":2468,"parent":530,"menu_order":0,"comment_status":"closed","ping_status":"closed","template":"","meta":{"_acf_changed":false,"colormag_page_layout":"default_layout","_monsterinsights_skip_tracking":false,"_monsterinsights_sitenote_active":false,"_monsterinsights_sitenote_note":"","_monsterinsights_sitenote_category":0,"_uf_show_specific_survey":0,"_uf_disable_surveys":false,"footnotes":""},"class_list":["post-2536","page","type-page","status-publish","has-post-thumbnail","hentry"],"acf":[],"yoast_head":"<!-- This site is optimized with the Yoast SEO plugin v25.2 - https:\/\/yoast.com\/wordpress\/plugins\/seo\/ -->\n<title>Reportajes y entrevistas - ALZARQ<\/title>\n<meta name=\"description\" content=\"Tabl\u00f3n donde se recoge las apariciones del grupo HAC en los medios de comunicaci\u00f3n.\" \/>\n<meta name=\"robots\" content=\"index, follow, max-snippet:-1, max-image-preview:large, max-video-preview:-1\" \/>\n<link rel=\"canonical\" href=\"https:\/\/grupo.us.es\/alzarq\/noticias\/reportajes-y-entrevistas\/\" \/>\n<meta property=\"og:locale\" content=\"es_ES\" \/>\n<meta property=\"og:type\" content=\"article\" \/>\n<meta property=\"og:title\" content=\"Reportajes y entrevistas - ALZARQ\" \/>\n<meta property=\"og:description\" content=\"Tabl\u00f3n donde se recoge las apariciones del grupo HAC en los medios de comunicaci\u00f3n.\" \/>\n<meta property=\"og:url\" content=\"https:\/\/grupo.us.es\/alzarq\/noticias\/reportajes-y-entrevistas\/\" \/>\n<meta property=\"og:site_name\" content=\"ALZARQ\" \/>\n<meta property=\"article:modified_time\" content=\"2025-05-09T12:16:41+00:00\" \/>\n<meta property=\"og:image\" content=\"https:\/\/grupo.us.es\/alzarq\/wp-content\/uploads\/2023\/11\/cropped-favicon.png\" \/>\n\t<meta property=\"og:image:width\" content=\"512\" \/>\n\t<meta property=\"og:image:height\" content=\"512\" \/>\n\t<meta property=\"og:image:type\" content=\"image\/png\" \/>\n<meta name=\"twitter:card\" content=\"summary_large_image\" \/>\n<meta name=\"twitter:label1\" content=\"Tiempo de lectura\" \/>\n\t<meta name=\"twitter:data1\" content=\"1 minuto\" \/>\n<script type=\"application\/ld+json\" class=\"yoast-schema-graph\">{\"@context\":\"https:\/\/schema.org\",\"@graph\":[{\"@type\":\"WebPage\",\"@id\":\"https:\/\/grupo.us.es\/alzarq\/noticias\/reportajes-y-entrevistas\/\",\"url\":\"https:\/\/grupo.us.es\/alzarq\/noticias\/reportajes-y-entrevistas\/\",\"name\":\"Reportajes y entrevistas - ALZARQ\",\"isPartOf\":{\"@id\":\"https:\/\/grupo.us.es\/alzarq\/#website\"},\"primaryImageOfPage\":{\"@id\":\"https:\/\/grupo.us.es\/alzarq\/noticias\/reportajes-y-entrevistas\/#primaryimage\"},\"image\":{\"@id\":\"https:\/\/grupo.us.es\/alzarq\/noticias\/reportajes-y-entrevistas\/#primaryimage\"},\"thumbnailUrl\":\"https:\/\/grupo.us.es\/alzarq\/wp-content\/uploads\/2023\/11\/cropped-favicon.png\",\"datePublished\":\"2024-03-12T08:32:28+00:00\",\"dateModified\":\"2025-05-09T12:16:41+00:00\",\"description\":\"Tabl\u00f3n donde se recoge las apariciones del grupo HAC en los medios de comunicaci\u00f3n.\",\"breadcrumb\":{\"@id\":\"https:\/\/grupo.us.es\/alzarq\/noticias\/reportajes-y-entrevistas\/#breadcrumb\"},\"inLanguage\":\"es\",\"potentialAction\":[{\"@type\":\"ReadAction\",\"target\":[\"https:\/\/grupo.us.es\/alzarq\/noticias\/reportajes-y-entrevistas\/\"]}]},{\"@type\":\"ImageObject\",\"inLanguage\":\"es\",\"@id\":\"https:\/\/grupo.us.es\/alzarq\/noticias\/reportajes-y-entrevistas\/#primaryimage\",\"url\":\"https:\/\/grupo.us.es\/alzarq\/wp-content\/uploads\/2023\/11\/cropped-favicon.png\",\"contentUrl\":\"https:\/\/grupo.us.es\/alzarq\/wp-content\/uploads\/2023\/11\/cropped-favicon.png\",\"width\":512,\"height\":512},{\"@type\":\"BreadcrumbList\",\"@id\":\"https:\/\/grupo.us.es\/alzarq\/noticias\/reportajes-y-entrevistas\/#breadcrumb\",\"itemListElement\":[{\"@type\":\"ListItem\",\"position\":1,\"name\":\"Difusi\u00f3n\",\"item\":\"https:\/\/grupo.us.es\/alzarq\/noticias\/\"},{\"@type\":\"ListItem\",\"position\":2,\"name\":\"Reportajes y entrevistas\"}]},{\"@type\":\"WebSite\",\"@id\":\"https:\/\/grupo.us.es\/alzarq\/#website\",\"url\":\"https:\/\/grupo.us.es\/alzarq\/\",\"name\":\"ALZARQ\",\"description\":\"Arquitectura y Alzheimer\",\"publisher\":{\"@id\":\"https:\/\/grupo.us.es\/alzarq\/#organization\"},\"potentialAction\":[{\"@type\":\"SearchAction\",\"target\":{\"@type\":\"EntryPoint\",\"urlTemplate\":\"https:\/\/grupo.us.es\/alzarq\/?s={search_term_string}\"},\"query-input\":{\"@type\":\"PropertyValueSpecification\",\"valueRequired\":true,\"valueName\":\"search_term_string\"}}],\"inLanguage\":\"es\"},{\"@type\":\"Organization\",\"@id\":\"https:\/\/grupo.us.es\/alzarq\/#organization\",\"name\":\"ALZARQ\",\"url\":\"https:\/\/grupo.us.es\/alzarq\/\",\"logo\":{\"@type\":\"ImageObject\",\"inLanguage\":\"es\",\"@id\":\"https:\/\/grupo.us.es\/alzarq\/#\/schema\/logo\/image\/\",\"url\":\"https:\/\/grupo.us.es\/alzarq\/wp-content\/uploads\/2022\/02\/logotipo_alzarq_degradado_150peq-1-3.jpg\",\"contentUrl\":\"https:\/\/grupo.us.es\/alzarq\/wp-content\/uploads\/2022\/02\/logotipo_alzarq_degradado_150peq-1-3.jpg\",\"width\":224,\"height\":70,\"caption\":\"ALZARQ\"},\"image\":{\"@id\":\"https:\/\/grupo.us.es\/alzarq\/#\/schema\/logo\/image\/\"}}]}<\/script>\n<!-- \/ Yoast SEO plugin. -->","yoast_head_json":{"title":"Reportajes y entrevistas - ALZARQ","description":"Tabl\u00f3n donde se recoge las apariciones del grupo HAC en los medios de comunicaci\u00f3n.","robots":{"index":"index","follow":"follow","max-snippet":"max-snippet:-1","max-image-preview":"max-image-preview:large","max-video-preview":"max-video-preview:-1"},"canonical":"https:\/\/grupo.us.es\/alzarq\/noticias\/reportajes-y-entrevistas\/","og_locale":"es_ES","og_type":"article","og_title":"Reportajes y entrevistas - ALZARQ","og_description":"Tabl\u00f3n donde se recoge las apariciones del grupo HAC en los medios de comunicaci\u00f3n.","og_url":"https:\/\/grupo.us.es\/alzarq\/noticias\/reportajes-y-entrevistas\/","og_site_name":"ALZARQ","article_modified_time":"2025-05-09T12:16:41+00:00","og_image":[{"width":512,"height":512,"url":"https:\/\/grupo.us.es\/alzarq\/wp-content\/uploads\/2023\/11\/cropped-favicon.png","type":"image\/png"}],"twitter_card":"summary_large_image","twitter_misc":{"Tiempo de lectura":"1 minuto"},"schema":{"@context":"https:\/\/schema.org","@graph":[{"@type":"WebPage","@id":"https:\/\/grupo.us.es\/alzarq\/noticias\/reportajes-y-entrevistas\/","url":"https:\/\/grupo.us.es\/alzarq\/noticias\/reportajes-y-entrevistas\/","name":"Reportajes y entrevistas - ALZARQ","isPartOf":{"@id":"https:\/\/grupo.us.es\/alzarq\/#website"},"primaryImageOfPage":{"@id":"https:\/\/grupo.us.es\/alzarq\/noticias\/reportajes-y-entrevistas\/#primaryimage"},"image":{"@id":"https:\/\/grupo.us.es\/alzarq\/noticias\/reportajes-y-entrevistas\/#primaryimage"},"thumbnailUrl":"https:\/\/grupo.us.es\/alzarq\/wp-content\/uploads\/2023\/11\/cropped-favicon.png","datePublished":"2024-03-12T08:32:28+00:00","dateModified":"2025-05-09T12:16:41+00:00","description":"Tabl\u00f3n donde se recoge las apariciones del grupo HAC en los medios de comunicaci\u00f3n.","breadcrumb":{"@id":"https:\/\/grupo.us.es\/alzarq\/noticias\/reportajes-y-entrevistas\/#breadcrumb"},"inLanguage":"es","potentialAction":[{"@type":"ReadAction","target":["https:\/\/grupo.us.es\/alzarq\/noticias\/reportajes-y-entrevistas\/"]}]},{"@type":"ImageObject","inLanguage":"es","@id":"https:\/\/grupo.us.es\/alzarq\/noticias\/reportajes-y-entrevistas\/#primaryimage","url":"https:\/\/grupo.us.es\/alzarq\/wp-content\/uploads\/2023\/11\/cropped-favicon.png","contentUrl":"https:\/\/grupo.us.es\/alzarq\/wp-content\/uploads\/2023\/11\/cropped-favicon.png","width":512,"height":512},{"@type":"BreadcrumbList","@id":"https:\/\/grupo.us.es\/alzarq\/noticias\/reportajes-y-entrevistas\/#breadcrumb","itemListElement":[{"@type":"ListItem","position":1,"name":"Difusi\u00f3n","item":"https:\/\/grupo.us.es\/alzarq\/noticias\/"},{"@type":"ListItem","position":2,"name":"Reportajes y entrevistas"}]},{"@type":"WebSite","@id":"https:\/\/grupo.us.es\/alzarq\/#website","url":"https:\/\/grupo.us.es\/alzarq\/","name":"ALZARQ","description":"Arquitectura y Alzheimer","publisher":{"@id":"https:\/\/grupo.us.es\/alzarq\/#organization"},"potentialAction":[{"@type":"SearchAction","target":{"@type":"EntryPoint","urlTemplate":"https:\/\/grupo.us.es\/alzarq\/?s={search_term_string}"},"query-input":{"@type":"PropertyValueSpecification","valueRequired":true,"valueName":"search_term_string"}}],"inLanguage":"es"},{"@type":"Organization","@id":"https:\/\/grupo.us.es\/alzarq\/#organization","name":"ALZARQ","url":"https:\/\/grupo.us.es\/alzarq\/","logo":{"@type":"ImageObject","inLanguage":"es","@id":"https:\/\/grupo.us.es\/alzarq\/#\/schema\/logo\/image\/","url":"https:\/\/grupo.us.es\/alzarq\/wp-content\/uploads\/2022\/02\/logotipo_alzarq_degradado_150peq-1-3.jpg","contentUrl":"https:\/\/grupo.us.es\/alzarq\/wp-content\/uploads\/2022\/02\/logotipo_alzarq_degradado_150peq-1-3.jpg","width":224,"height":70,"caption":"ALZARQ"},"image":{"@id":"https:\/\/grupo.us.es\/alzarq\/#\/schema\/logo\/image\/"}}]}},"_links":{"self":[{"href":"https:\/\/grupo.us.es\/alzarq\/wp-json\/wp\/v2\/pages\/2536","targetHints":{"allow":["GET"]}}],"collection":[{"href":"https:\/\/grupo.us.es\/alzarq\/wp-json\/wp\/v2\/pages"}],"about":[{"href":"https:\/\/grupo.us.es\/alzarq\/wp-json\/wp\/v2\/types\/page"}],"author":[{"embeddable":true,"href":"https:\/\/grupo.us.es\/alzarq\/wp-json\/wp\/v2\/users\/4"}],"replies":[{"embeddable":true,"href":"https:\/\/grupo.us.es\/alzarq\/wp-json\/wp\/v2\/comments?post=2536"}],"version-history":[{"count":0,"href":"https:\/\/grupo.us.es\/alzarq\/wp-json\/wp\/v2\/pages\/2536\/revisions"}],"up":[{"embeddable":true,"href":"https:\/\/grupo.us.es\/alzarq\/wp-json\/wp\/v2\/pages\/530"}],"wp:featuredmedia":[{"embeddable":true,"href":"https:\/\/grupo.us.es\/alzarq\/wp-json\/wp\/v2\/media\/2468"}],"wp:attachment":[{"href":"https:\/\/grupo.us.es\/alzarq\/wp-json\/wp\/v2\/media?parent=2536"}],"curies":[{"name":"wp","href":"https:\/\/api.w.org\/{rel}","templated":true}]}}