{"id":246,"date":"2025-10-30T00:00:50","date_gmt":"2025-10-29T23:00:50","guid":{"rendered":"https:\/\/grupo.us.es\/alcoholsm\/?page_id=246"},"modified":"2025-10-30T14:19:23","modified_gmt":"2025-10-30T13:19:23","slug":"premios","status":"publish","type":"page","link":"https:\/\/grupo.us.es\/alcoholsm\/premios","title":{"rendered":"Premios"},"content":{"rendered":"\n<div class=\"wp-block-group has-global-padding is-layout-constrained wp-block-group-is-layout-constrained\" style=\"padding-top:var(--wp--preset--spacing--x-large);padding-bottom:var(--wp--preset--spacing--x-large)\">\n<h3 class=\"wp-block-heading\"><strong>2025<\/strong><\/h3>\n\n\n\n<p><strong>In\u00e9s Romero Herrera. Tercer Premio \u201cMatilde Reyes Malpica\u201d de la Fundaci\u00f3n Farmac\u00e9utica Avenzoar al mejor trabajo cient\u00edfico.  <\/strong><\/p>\n\n\n\n<p>Romero-Herrera I, Nogales F, Gallego-L\u00f3pez MDC, D\u00edaz-Castro J, Carreras O, Ojeda ML. Selenium supplementation&nbsp;<em>via<\/em>&nbsp;modulation of selenoproteins ameliorates binge drinking-induced oxidative, energetic, metabolic, and endocrine imbalance in adolescent rats&#8217; skeletal muscle.&nbsp;<em>Food Funct<\/em>. 2024;15(15):7988-8007. Published 2024 Jul 29. doi:10.1039\/d4fo01354a<\/p>\n<\/div>\n\n\n\n<p><\/p>\n\n\n\n<div class=\"wp-block-group has-global-padding is-layout-constrained wp-block-group-is-layout-constrained\" style=\"padding-top:var(--wp--preset--spacing--x-large);padding-bottom:var(--wp--preset--spacing--x-large)\">\n<h3 class=\"wp-block-heading\"><strong>2024<\/strong><\/h3>\n\n\n\n<p><strong>In\u00e9s Romero Herrera. Premio al mejor p\u00f3ster del XXXIII Congreso de la Sociedad Espa\u00f1ola de Nutrici\u00f3n (SE\u00d1).<\/strong><br>Selenite supplementation mitigates binge drinking-induced lipid peroxidation and stimulates adiponectin levels in adolescent rats. Universidad de Granada. Junio 2024.<\/p>\n\n\n\n<p><strong>M\u00aa del<\/strong> <strong>Carmen Gallego L\u00f3pez.<\/strong> <strong>Tercer Premio \u201cMatilde Reyes Malpica\u201d de la Fundaci\u00f3n Farmac\u00e9utica Avenzoar al mejor trabajo cient\u00edfico.  <\/strong><\/p>\n\n\n\n<p>Gallego-L\u00f3pez MDC, Ojeda ML, Romero-Herrera I, Rua RM, Carreras O, Nogales F. Folic acid antioxidant supplementation to binge drinking adolescent rats improves hydric-saline balance and blood pressure, but fails to increase renal NO availability and glomerular filtration rate.&nbsp;<em>FASEB J<\/em>. 2024;38(1):e23341. doi:10.1096\/fj.202301609R<\/p>\n<\/div>\n\n\n\n<p><\/p>\n\n\n\n<div class=\"wp-block-group has-global-padding is-layout-constrained wp-block-group-is-layout-constrained\" style=\"padding-top:var(--wp--preset--spacing--x-large);padding-bottom:var(--wp--preset--spacing--x-large)\">\n<h3 class=\"wp-block-heading\"><strong>2023<\/strong><\/h3>\n\n\n\n<p><strong>In\u00e9s Romero Herrera.<\/strong> <strong>Ganador del concurso de divulgaci\u00f3n cient\u00edfica Ulysseus Match 4 Cooperation en la Conferencia Internacional COMPASS 2023.<\/strong><\/p>\n\n\n\n<p>Organizada por la Ulysseus European University en la Universidad de Ciencias Aplicadas Haaga-Helia (Helsinki, Finlandia). <\/p>\n\n\n\n<p><strong>In\u00e9s Romero Herrera.<\/strong> <strong>Premio a la mejor publicaci\u00f3n cient\u00edfica del mes de la Facultad de Farmacia<\/strong> <strong>de la Universidad de Sevilla en el mes de noviembre. <\/strong><\/p>\n\n\n\n<p>Romero-Herrera I, Nogales F, Gallego-L\u00f3pez MDC, et al. Adipose tissue homeostasis orchestrates the oxidative, energetic, metabolic and endocrine disruption induced by binge drinking in adolescent rats.<strong> <\/strong><em>J Physiol<\/em>. 2023;601(24):5617-5633. doi:10.1113\/JP285362<\/p>\n\n\n\n<p><strong>M\u00aa del<\/strong> <strong>Carmen Gallego L\u00f3pez.<\/strong> <strong>Tercer Premio \u201cMatilde Reyes Malpica\u201d de la Fundaci\u00f3n Farmac\u00e9utica Avenzoar al mejor trabajo cient\u00edfico. <\/strong><\/p>\n\n\n\n<p>Gallego-L\u00f3pez MDC, Ojeda ML, Romero-Herrera I, Nogales F, Carreras O. Folic Acid Homeostasis and Its Pathways Related to Hepatic Oxidation in Adolescent Rats Exposed to Binge Drinking. Antioxidants (Basel). 2022 Feb 11;11(2):362. doi:10.3390\/antiox11020362<\/p>\n<\/div>\n\n\n\n<p><\/p>\n\n\n\n<div class=\"wp-block-group has-global-padding is-layout-constrained wp-block-group-is-layout-constrained\" style=\"padding-top:var(--wp--preset--spacing--x-large);padding-bottom:var(--wp--preset--spacing--x-large)\">\n<h3 class=\"wp-block-heading\"><strong>2022<\/strong><\/h3>\n\n\n\n<p><strong>M\u00aa del<\/strong> <strong>Carmen Gallego L\u00f3pez. Premio a la mejor comunicaci\u00f3n oral de las Jornadas de J\u00f3venes Investigadores en Fisiolog\u00eda. <\/strong><\/p>\n\n\n\n<p>Folic acid by modulating antioxidant enzyme balance avoids binge drinking-oxidative damage in liver, kidney and heart of adolescent rats. Madrid. 2022.<\/p>\n\n\n\n<p><strong>M\u00aa del<\/strong> <strong>Carmen Gallego L\u00f3pez. Premio a la mejor publicaci\u00f3n cient\u00edfica del mes de la Facultad de Farmacia de la Universidad de Sevilla en el mes de febrero. <\/strong><\/p>\n\n\n\n<p>Gallego-L\u00f3pez MDC, Ojeda ML, Romero-Herrera I, Nogales F, Carreras O. Folic Acid Homeostasis and Its Pathways Related to Hepatic Oxidation in Adolescent Rats Exposed to Binge Drinking. Antioxidants (Basel). 2022 Feb 11;11(2):362. <\/p>\n\n\n\n<p>doi: 10.3390\/antiox11020362<\/p>\n<\/div>\n\n\n\n<h3 class=\"wp-block-heading\"><strong>2021<\/strong><\/h3>\n\n\n\n<p><strong>In\u00e9s Romero Herrera. Ganadora del concurso de emprendimiento y design thinking \u2018\u2019\u00daNETE AL RETO\u2019\u2019<\/strong><\/p>\n\n\n\n<p>Organizado por ENDESA y la Universidad de Sevilla <br>Premio: programa de emprendimiento e innovaci\u00f3n en el Babson College (Boston, EE. UU.) en julio 2022.<\/p>\n\n\n\n<p><strong>In\u00e9s Romero Herrera. Ganadora del XVI concurso de ideas emprendedoras \u2018\u2019TURN ON IMAGINATION\u2019\u2019<\/strong><br>Organizado por la Universidad de Sevilla y la Junta de Andaluc\u00eda<\/p>\n\n\n\n<p>Premio: programa de emprendimiento e innovaci\u00f3n en la European Innovation Academy (Lisboa, Portugal) en julio 2021.<\/p>\n\n\n\n<div class=\"wp-block-group has-global-padding is-layout-constrained wp-block-group-is-layout-constrained\" style=\"padding-top:var(--wp--preset--spacing--x-large);padding-bottom:var(--wp--preset--spacing--x-large)\">\n<h3 class=\"wp-block-heading\"><strong>2011-2012<\/strong><\/h3>\n\n\n\n<p>Premio de la Academia Iberoamericana de Farmacia a la mejor trayectoria investigadora a la Dra. Olimpia Carreras S\u00e1nchez.<\/p>\n<\/div>\n\n\n\n<div class=\"wp-block-group has-global-padding is-layout-constrained wp-block-group-is-layout-constrained\" style=\"padding-top:var(--wp--preset--spacing--x-large);padding-bottom:var(--wp--preset--spacing--x-large)\">\n<h3 class=\"wp-block-heading\"><strong>2008<\/strong><\/h3>\n\n\n\n<p>Premio Cinfa de la Real Academia Nacional de Farmacia a la Dra. Mar\u00eda Luisa Ojeda por su trabajo \u00abAcci\u00f3n de la procalcitonina sobre la temperatura corporal\u00bb.<\/p>\n<\/div>\n\n\n\n<div class=\"wp-block-group has-global-padding is-layout-constrained wp-block-group-is-layout-constrained\" style=\"padding-top:var(--wp--preset--spacing--x-large);padding-bottom:var(--wp--preset--spacing--x-large)\">\n<h3 class=\"wp-block-heading\"><strong>2002<\/strong><\/h3>\n\n\n\n<p>Premio a la Lda. Beatriz V\u00e1zquez Alonso de la Fundaci\u00f3n Farmac\u00e9utica Avenzoar sobre el trabajo dirigido por las Dras. M\u00aa Luisa Ojeda Murillo y Olimpia Carreras S\u00e1nchez titulado \u00abInfluencia del alcohol en los niveles de selenio en ratas adultas y su descendencia\u00bb.<\/p>\n<\/div>\n","protected":false},"excerpt":{"rendered":"<p>2025 In\u00e9s Romero Herrera. Tercer Premio \u201cMatilde Reyes Malpica\u201d de la Fundaci\u00f3n Farmac\u00e9utica Avenzoar al mejor trabajo cient\u00edfico. Romero-Herrera I, Nogales F, Gallego-L\u00f3pez MDC, D\u00edaz-Castro J, Carreras O, Ojeda ML. Selenium supplementation&nbsp;via&nbsp;modulation of selenoproteins ameliorates binge drinking-induced oxidative, energetic, metabolic, and endocrine imbalance in adolescent rats&#8217; skeletal muscle.&nbsp;Food Funct. 2024;15(15):7988-8007. Published 2024 Jul 29. doi:10.1039\/d4fo01354a [&hellip;]<\/p>\n","protected":false},"author":1,"featured_media":0,"parent":0,"menu_order":0,"comment_status":"closed","ping_status":"closed","template":"","meta":{"footnotes":""},"class_list":["post-246","page","type-page","status-publish","hentry"],"_links":{"self":[{"href":"https:\/\/grupo.us.es\/alcoholsm\/wp-json\/wp\/v2\/pages\/246","targetHints":{"allow":["GET"]}}],"collection":[{"href":"https:\/\/grupo.us.es\/alcoholsm\/wp-json\/wp\/v2\/pages"}],"about":[{"href":"https:\/\/grupo.us.es\/alcoholsm\/wp-json\/wp\/v2\/types\/page"}],"author":[{"embeddable":true,"href":"https:\/\/grupo.us.es\/alcoholsm\/wp-json\/wp\/v2\/users\/1"}],"replies":[{"embeddable":true,"href":"https:\/\/grupo.us.es\/alcoholsm\/wp-json\/wp\/v2\/comments?post=246"}],"version-history":[{"count":5,"href":"https:\/\/grupo.us.es\/alcoholsm\/wp-json\/wp\/v2\/pages\/246\/revisions"}],"predecessor-version":[{"id":475,"href":"https:\/\/grupo.us.es\/alcoholsm\/wp-json\/wp\/v2\/pages\/246\/revisions\/475"}],"wp:attachment":[{"href":"https:\/\/grupo.us.es\/alcoholsm\/wp-json\/wp\/v2\/media?parent=246"}],"curies":[{"name":"wp","href":"https:\/\/api.w.org\/{rel}","templated":true}]}}