{"id":242,"date":"2023-12-18T09:38:28","date_gmt":"2023-12-18T08:38:28","guid":{"rendered":"https:\/\/grupo.us.es\/alcoholsm\/?page_id=242"},"modified":"2025-10-31T12:26:28","modified_gmt":"2025-10-31T11:26:28","slug":"sociedades-cientificas","status":"publish","type":"page","link":"https:\/\/grupo.us.es\/alcoholsm\/sociedades-cientificas","title":{"rendered":"Sociedades cient\u00edficas"},"content":{"rendered":"\n<div class=\"wp-block-group has-global-padding is-layout-constrained wp-block-group-is-layout-constrained\" style=\"padding-top:var(--wp--preset--spacing--x-large);padding-bottom:var(--wp--preset--spacing--x-large)\">\n<p><strong>RedSAF<\/strong><\/p>\n\n\n\n<p>El grupo participa en la Red Internacional del S\u00edndrome Alcoh\u00f3lico Fetal (RedSAF) desde su creaci\u00f3n (mayo 2022) hasta la actualidad. Esta red tiene su origen en la Universidad de Cartagena (Colombia). A ella pertenecen miembros de 7 grupos de investigaci\u00f3n, 6 de diferentes Universidades Colombianas y nuestro grupo en representaci\u00f3n de las Universidades Espa\u00f1olas.<\/p>\n\n\n\n<p><\/p>\n\n\n\n<p><strong>SECF &#8211; SEN<\/strong><br>El grupo participa en todas las actividades desarrolladas por la Sociedad Espa\u00f1ola de Ciencias Fisiol\u00f3gicas (<a href=\"http:\/\/www.secf.es\/\" target=\"_blank\" rel=\"noreferrer noopener\">SECF<\/a>) y de la Sociedad Espa\u00f1ola de Nutrici\u00f3n (<a href=\"http:\/\/www.sennutricion.org\" target=\"_blank\" rel=\"noreferrer noopener\">SEN<\/a>).<\/p>\n\n\n\n<p><\/p>\n\n\n\n<p><strong>RAIDA<\/strong><br>El grupo pertenece a la Red Andaluza de Investigaci\u00f3n en Drogodependencia y Adicciones (RAIDA) para impulsar la investigaci\u00f3n, desde la iniciaci\u00f3n de la Red en 2017.<\/p>\n<\/div>\n","protected":false},"excerpt":{"rendered":"<p>RedSAF El grupo participa en la Red Internacional del S\u00edndrome Alcoh\u00f3lico Fetal (RedSAF) desde su creaci\u00f3n (mayo 2022) hasta la actualidad. Esta red tiene su origen en la Universidad de Cartagena (Colombia). A ella pertenecen miembros de 7 grupos de investigaci\u00f3n, 6 de diferentes Universidades Colombianas y nuestro grupo en representaci\u00f3n de las Universidades Espa\u00f1olas. [&hellip;]<\/p>\n","protected":false},"author":1,"featured_media":0,"parent":0,"menu_order":0,"comment_status":"closed","ping_status":"closed","template":"","meta":{"footnotes":""},"class_list":["post-242","page","type-page","status-publish","hentry"],"_links":{"self":[{"href":"https:\/\/grupo.us.es\/alcoholsm\/wp-json\/wp\/v2\/pages\/242","targetHints":{"allow":["GET"]}}],"collection":[{"href":"https:\/\/grupo.us.es\/alcoholsm\/wp-json\/wp\/v2\/pages"}],"about":[{"href":"https:\/\/grupo.us.es\/alcoholsm\/wp-json\/wp\/v2\/types\/page"}],"author":[{"embeddable":true,"href":"https:\/\/grupo.us.es\/alcoholsm\/wp-json\/wp\/v2\/users\/1"}],"replies":[{"embeddable":true,"href":"https:\/\/grupo.us.es\/alcoholsm\/wp-json\/wp\/v2\/comments?post=242"}],"version-history":[{"count":3,"href":"https:\/\/grupo.us.es\/alcoholsm\/wp-json\/wp\/v2\/pages\/242\/revisions"}],"predecessor-version":[{"id":486,"href":"https:\/\/grupo.us.es\/alcoholsm\/wp-json\/wp\/v2\/pages\/242\/revisions\/486"}],"wp:attachment":[{"href":"https:\/\/grupo.us.es\/alcoholsm\/wp-json\/wp\/v2\/media?parent=242"}],"curies":[{"name":"wp","href":"https:\/\/api.w.org\/{rel}","templated":true}]}}